{"id":11508,"date":"2019-11-25T07:34:49","date_gmt":"2020-06-03T12:19:53","guid":{"rendered":"https:\/\/arkiv.conraddesign.dk\/shop\/unkategorisiert\/alpaca\/"},"modified":"2023-06-10T00:02:25","modified_gmt":"2023-06-09T22:02:25","slug":"alpaca","status":"publish","type":"product","link":"https:\/\/arkiv.conraddesign.dk\/de\/shop\/wolle\/farbkarte-de\/alpaca\/","title":{"rendered":"Alpaca"},"content":{"rendered":"<p>Unser Alpaca Wolle ist ein d\u00fcnnes und leckeres 2 t empfohlen 100 reines Alpaca.<\/p>\n<p>Alpaka ist in 30 sch\u00f6nen Farben erh\u00e4ltlich.<\/p>\n<p>Strickfestigkeit: 2\u00bd \u2013 3 (ca. 25 Stiche von 10 Cm). 2 F\u00e4den von s 3\u00bd \u2013 4 (ca. 23 Masken von 10 Cm).<\/p>\n<p>Kommt in Schl\u00fcsseln von ca. 50 g. Die Laufl\u00e4nge betr\u00e4gt ca. 400 m pro 50 g.<\/p>\n<header class=\"woocommerce-products-header\">\n<div class=\"term-description\">\n<p>&nbsp;<\/p>\n<p>&nbsp;<\/p>\n<\/div>\n<\/header>\n<div class=\"woocommerce-notices-wrapper\"><\/div>\n<div class=\"switcher-wrap\">\n<div class=\"view-mode-switcher\"><\/div>\n<\/div>\n","protected":false},"excerpt":{"rendered":"<p>Alpaca-Farbkarte<\/p>\n","protected":false},"featured_media":11509,"comment_status":"closed","ping_status":"closed","template":"","meta":[],"product_cat":[327,329],"product_tag":[],"class_list":{"0":"post-11508","1":"product","2":"type-product","3":"status-publish","4":"has-post-thumbnail","6":"product_cat-wolle","7":"product_cat-farbkarte-de","8":"tm-no-options","9":"description-off","11":"first","12":"instock","13":"taxable","14":"shipping-taxable","15":"purchasable","16":"product-type-simple"},"aioseo_notices":[],"yoast_head":"<!-- This site is optimized with the Yoast SEO plugin v25.7 - https:\/\/yoast.com\/wordpress\/plugins\/seo\/ -->\n<title>Alpaca - Conraddesign<\/title>\n<meta name=\"robots\" content=\"noindex, follow, max-snippet:-1, max-image-preview:large, max-video-preview:-1\" \/>\n<meta property=\"og:locale\" content=\"de_DE\" \/>\n<meta property=\"og:type\" content=\"article\" \/>\n<meta property=\"og:title\" content=\"Alpaca - Conraddesign\" \/>\n<meta property=\"og:description\" content=\"Alpaca-Farbkarte\" \/>\n<meta property=\"og:url\" content=\"https:\/\/arkiv.conraddesign.dk\/de\/shop\/wolle\/farbkarte-de\/alpaca\/\" \/>\n<meta property=\"og:site_name\" content=\"Conraddesign\" \/>\n<meta property=\"article:modified_time\" content=\"2023-06-09T22:02:25+00:00\" \/>\n<meta property=\"og:image\" content=\"https:\/\/arkiv.conraddesign.dk\/wp-content\/uploads\/2019\/11\/Farvekort-Alpaca-e1574709485966.jpg\" \/>\n\t<meta property=\"og:image:width\" content=\"800\" \/>\n\t<meta property=\"og:image:height\" content=\"1067\" \/>\n\t<meta property=\"og:image:type\" content=\"image\/jpeg\" \/>\n<meta name=\"twitter:card\" content=\"summary_large_image\" \/>\n<script type=\"application\/ld+json\" class=\"yoast-schema-graph\">{\"@context\":\"https:\/\/schema.org\",\"@graph\":[{\"@type\":\"WebPage\",\"@id\":\"https:\/\/arkiv.conraddesign.dk\/de\/shop\/wolle\/farbkarte-de\/alpaca\/\",\"url\":\"https:\/\/arkiv.conraddesign.dk\/de\/shop\/wolle\/farbkarte-de\/alpaca\/\",\"name\":\"Alpaca - Conraddesign\",\"isPartOf\":{\"@id\":\"https:\/\/arkiv.conraddesign.dk\/#website\"},\"primaryImageOfPage\":{\"@id\":\"https:\/\/arkiv.conraddesign.dk\/de\/shop\/wolle\/farbkarte-de\/alpaca\/#primaryimage\"},\"image\":{\"@id\":\"https:\/\/arkiv.conraddesign.dk\/de\/shop\/wolle\/farbkarte-de\/alpaca\/#primaryimage\"},\"thumbnailUrl\":\"https:\/\/arkiv.conraddesign.dk\/wp-content\/uploads\/2019\/11\/Farvekort-Alpaca-e1574709485966.jpg\",\"datePublished\":\"2020-06-03T12:19:53+00:00\",\"dateModified\":\"2023-06-09T22:02:25+00:00\",\"breadcrumb\":{\"@id\":\"https:\/\/arkiv.conraddesign.dk\/de\/shop\/wolle\/farbkarte-de\/alpaca\/#breadcrumb\"},\"inLanguage\":\"de\",\"potentialAction\":[{\"@type\":\"ReadAction\",\"target\":[\"https:\/\/arkiv.conraddesign.dk\/de\/shop\/wolle\/farbkarte-de\/alpaca\/\"]}]},{\"@type\":\"ImageObject\",\"inLanguage\":\"de\",\"@id\":\"https:\/\/arkiv.conraddesign.dk\/de\/shop\/wolle\/farbkarte-de\/alpaca\/#primaryimage\",\"url\":\"https:\/\/arkiv.conraddesign.dk\/wp-content\/uploads\/2019\/11\/Farvekort-Alpaca-e1574709485966.jpg\",\"contentUrl\":\"https:\/\/arkiv.conraddesign.dk\/wp-content\/uploads\/2019\/11\/Farvekort-Alpaca-e1574709485966.jpg\",\"width\":800,\"height\":1067},{\"@type\":\"BreadcrumbList\",\"@id\":\"https:\/\/arkiv.conraddesign.dk\/de\/shop\/wolle\/farbkarte-de\/alpaca\/#breadcrumb\",\"itemListElement\":[{\"@type\":\"ListItem\",\"position\":1,\"name\":\"Hjem\",\"item\":\"https:\/\/arkiv.conraddesign.dk\/de\/\"},{\"@type\":\"ListItem\",\"position\":2,\"name\":\"Shop\",\"item\":\"https:\/\/arkiv.conraddesign.dk\/de\/shop\/\"},{\"@type\":\"ListItem\",\"position\":3,\"name\":\"Alpaca\"}]},{\"@type\":\"WebSite\",\"@id\":\"https:\/\/arkiv.conraddesign.dk\/#website\",\"url\":\"https:\/\/arkiv.conraddesign.dk\/\",\"name\":\"Conraddesign\",\"description\":\"\",\"potentialAction\":[{\"@type\":\"SearchAction\",\"target\":{\"@type\":\"EntryPoint\",\"urlTemplate\":\"https:\/\/arkiv.conraddesign.dk\/?s={search_term_string}\"},\"query-input\":{\"@type\":\"PropertyValueSpecification\",\"valueRequired\":true,\"valueName\":\"search_term_string\"}}],\"inLanguage\":\"de\"}]}<\/script>\n<!-- \/ Yoast SEO plugin. -->","yoast_head_json":{"title":"Alpaca - Conraddesign","robots":{"index":"noindex","follow":"follow","max-snippet":"max-snippet:-1","max-image-preview":"max-image-preview:large","max-video-preview":"max-video-preview:-1"},"og_locale":"de_DE","og_type":"article","og_title":"Alpaca - Conraddesign","og_description":"Alpaca-Farbkarte","og_url":"https:\/\/arkiv.conraddesign.dk\/de\/shop\/wolle\/farbkarte-de\/alpaca\/","og_site_name":"Conraddesign","article_modified_time":"2023-06-09T22:02:25+00:00","og_image":[{"width":800,"height":1067,"url":"https:\/\/arkiv.conraddesign.dk\/wp-content\/uploads\/2019\/11\/Farvekort-Alpaca-e1574709485966.jpg","type":"image\/jpeg"}],"twitter_card":"summary_large_image","schema":{"@context":"https:\/\/schema.org","@graph":[{"@type":"WebPage","@id":"https:\/\/arkiv.conraddesign.dk\/de\/shop\/wolle\/farbkarte-de\/alpaca\/","url":"https:\/\/arkiv.conraddesign.dk\/de\/shop\/wolle\/farbkarte-de\/alpaca\/","name":"Alpaca - Conraddesign","isPartOf":{"@id":"https:\/\/arkiv.conraddesign.dk\/#website"},"primaryImageOfPage":{"@id":"https:\/\/arkiv.conraddesign.dk\/de\/shop\/wolle\/farbkarte-de\/alpaca\/#primaryimage"},"image":{"@id":"https:\/\/arkiv.conraddesign.dk\/de\/shop\/wolle\/farbkarte-de\/alpaca\/#primaryimage"},"thumbnailUrl":"https:\/\/arkiv.conraddesign.dk\/wp-content\/uploads\/2019\/11\/Farvekort-Alpaca-e1574709485966.jpg","datePublished":"2020-06-03T12:19:53+00:00","dateModified":"2023-06-09T22:02:25+00:00","breadcrumb":{"@id":"https:\/\/arkiv.conraddesign.dk\/de\/shop\/wolle\/farbkarte-de\/alpaca\/#breadcrumb"},"inLanguage":"de","potentialAction":[{"@type":"ReadAction","target":["https:\/\/arkiv.conraddesign.dk\/de\/shop\/wolle\/farbkarte-de\/alpaca\/"]}]},{"@type":"ImageObject","inLanguage":"de","@id":"https:\/\/arkiv.conraddesign.dk\/de\/shop\/wolle\/farbkarte-de\/alpaca\/#primaryimage","url":"https:\/\/arkiv.conraddesign.dk\/wp-content\/uploads\/2019\/11\/Farvekort-Alpaca-e1574709485966.jpg","contentUrl":"https:\/\/arkiv.conraddesign.dk\/wp-content\/uploads\/2019\/11\/Farvekort-Alpaca-e1574709485966.jpg","width":800,"height":1067},{"@type":"BreadcrumbList","@id":"https:\/\/arkiv.conraddesign.dk\/de\/shop\/wolle\/farbkarte-de\/alpaca\/#breadcrumb","itemListElement":[{"@type":"ListItem","position":1,"name":"Hjem","item":"https:\/\/arkiv.conraddesign.dk\/de\/"},{"@type":"ListItem","position":2,"name":"Shop","item":"https:\/\/arkiv.conraddesign.dk\/de\/shop\/"},{"@type":"ListItem","position":3,"name":"Alpaca"}]},{"@type":"WebSite","@id":"https:\/\/arkiv.conraddesign.dk\/#website","url":"https:\/\/arkiv.conraddesign.dk\/","name":"Conraddesign","description":"","potentialAction":[{"@type":"SearchAction","target":{"@type":"EntryPoint","urlTemplate":"https:\/\/arkiv.conraddesign.dk\/?s={search_term_string}"},"query-input":{"@type":"PropertyValueSpecification","valueRequired":true,"valueName":"search_term_string"}}],"inLanguage":"de"}]}},"_links":{"self":[{"href":"https:\/\/arkiv.conraddesign.dk\/de\/wp-json\/wp\/v2\/product\/11508","targetHints":{"allow":["GET"]}}],"collection":[{"href":"https:\/\/arkiv.conraddesign.dk\/de\/wp-json\/wp\/v2\/product"}],"about":[{"href":"https:\/\/arkiv.conraddesign.dk\/de\/wp-json\/wp\/v2\/types\/product"}],"replies":[{"embeddable":true,"href":"https:\/\/arkiv.conraddesign.dk\/de\/wp-json\/wp\/v2\/comments?post=11508"}],"wp:featuredmedia":[{"embeddable":true,"href":"https:\/\/arkiv.conraddesign.dk\/de\/wp-json\/wp\/v2\/media\/11509"}],"wp:attachment":[{"href":"https:\/\/arkiv.conraddesign.dk\/de\/wp-json\/wp\/v2\/media?parent=11508"}],"wp:term":[{"taxonomy":"product_cat","embeddable":true,"href":"https:\/\/arkiv.conraddesign.dk\/de\/wp-json\/wp\/v2\/product_cat?post=11508"},{"taxonomy":"product_tag","embeddable":true,"href":"https:\/\/arkiv.conraddesign.dk\/de\/wp-json\/wp\/v2\/product_tag?post=11508"}],"curies":[{"name":"wp","href":"https:\/\/api.w.org\/{rel}","templated":true}]}}

<p>Unser Alpaca Wolle ist ein dünnes und leckeres 2 t empfohlen 100 reines Alpaca.</p>
<p>Alpaka ist in 30 schönen Farben erhältlich.</p>
<p>Strickfestigkeit: 2½ – 3 (ca. 25 Stiche von 10 Cm). 2 Fäden von s 3½ – 4 (ca. 23 Masken von 10 Cm).</p>
<p>Kommt in Schlüsseln von ca. 50 g. Die Lauflänge beträgt ca. 400 m pro 50 g.</p>
<header class="woocommerce-products-header">
<div class="term-description">
<p>&nbsp;</p>
<p>&nbsp;</p>
</div>
</header>
<div class="woocommerce-notices-wrapper"></div>
<div class="switcher-wrap">
<div class="view-mode-switcher"></div>
</div>
