{"id":14683,"date":"2018-03-17T19:16:35","date_gmt":"2021-01-23T18:13:36","guid":{"rendered":"https:\/\/arkiv.conraddesign.dk\/shop\/unkategorisiert\/coast\/"},"modified":"2024-10-18T15:53:50","modified_gmt":"2024-10-18T13:53:50","slug":"coast","status":"publish","type":"product","link":"https:\/\/arkiv.conraddesign.dk\/de\/shop\/wolle\/farbkarte-de\/coast\/","title":{"rendered":"Coast"},"content":{"rendered":"<p>Coast Wolle ist eine delikate weiche Wollmischung, die aus 55 % Merino Lammwolle und 45% Baumwolle besteht.<br \/>\nStrickfestigkeit: 21 x 2 \u2013 3 mit Einzelfaden (ca. 25 \u2013 26 Stiche von 10 cm) oder p 4 \u2013 41,2 mit zwei F\u00e4den (ca. 21 Stiche von 10 cm). Wird geliefert in Kn\u00e4ueln mit ungef\u00e4hr 25 \u2013 50 g.<br \/>\nDie Laufl\u00e4nge betr\u00e4gt ca. 350 m pro 50 g.<\/p>\n","protected":false},"excerpt":{"rendered":"<p>Farvekort Coast<\/p>\n","protected":false},"featured_media":14684,"comment_status":"closed","ping_status":"closed","template":"","meta":[],"product_cat":[327,329],"product_tag":[],"class_list":{"0":"post-14683","1":"product","2":"type-product","3":"status-publish","4":"has-post-thumbnail","6":"product_cat-wolle","7":"product_cat-farbkarte-de","8":"tm-no-options","9":"description-off","11":"first","12":"instock","13":"taxable","14":"shipping-taxable","15":"purchasable","16":"product-type-simple"},"aioseo_notices":[],"yoast_head":"<!-- This site is optimized with the Yoast SEO plugin v25.7 - https:\/\/yoast.com\/wordpress\/plugins\/seo\/ -->\n<title>Coast - Conraddesign<\/title>\n<meta name=\"robots\" content=\"noindex, follow, max-snippet:-1, max-image-preview:large, max-video-preview:-1\" \/>\n<meta property=\"og:locale\" content=\"de_DE\" \/>\n<meta property=\"og:type\" content=\"article\" \/>\n<meta property=\"og:title\" content=\"Coast - Conraddesign\" \/>\n<meta property=\"og:description\" content=\"Farvekort Coast\" \/>\n<meta property=\"og:url\" content=\"https:\/\/arkiv.conraddesign.dk\/de\/shop\/wolle\/farbkarte-de\/coast\/\" \/>\n<meta property=\"og:site_name\" content=\"Conraddesign\" \/>\n<meta property=\"article:modified_time\" content=\"2024-10-18T13:53:50+00:00\" \/>\n<meta property=\"og:image\" content=\"https:\/\/arkiv.conraddesign.dk\/wp-content\/uploads\/2018\/03\/farvekort-coast-2.jpg\" \/>\n\t<meta property=\"og:image:width\" content=\"651\" \/>\n\t<meta property=\"og:image:height\" content=\"651\" \/>\n\t<meta property=\"og:image:type\" content=\"image\/jpeg\" \/>\n<meta name=\"twitter:card\" content=\"summary_large_image\" \/>\n<script type=\"application\/ld+json\" class=\"yoast-schema-graph\">{\"@context\":\"https:\/\/schema.org\",\"@graph\":[{\"@type\":\"WebPage\",\"@id\":\"https:\/\/arkiv.conraddesign.dk\/de\/shop\/wolle\/farbkarte-de\/coast\/\",\"url\":\"https:\/\/arkiv.conraddesign.dk\/de\/shop\/wolle\/farbkarte-de\/coast\/\",\"name\":\"Coast - Conraddesign\",\"isPartOf\":{\"@id\":\"https:\/\/arkiv.conraddesign.dk\/#website\"},\"primaryImageOfPage\":{\"@id\":\"https:\/\/arkiv.conraddesign.dk\/de\/shop\/wolle\/farbkarte-de\/coast\/#primaryimage\"},\"image\":{\"@id\":\"https:\/\/arkiv.conraddesign.dk\/de\/shop\/wolle\/farbkarte-de\/coast\/#primaryimage\"},\"thumbnailUrl\":\"https:\/\/arkiv.conraddesign.dk\/wp-content\/uploads\/2018\/03\/farvekort-coast-2.jpg\",\"datePublished\":\"2021-01-23T18:13:36+00:00\",\"dateModified\":\"2024-10-18T13:53:50+00:00\",\"breadcrumb\":{\"@id\":\"https:\/\/arkiv.conraddesign.dk\/de\/shop\/wolle\/farbkarte-de\/coast\/#breadcrumb\"},\"inLanguage\":\"de\",\"potentialAction\":[{\"@type\":\"ReadAction\",\"target\":[\"https:\/\/arkiv.conraddesign.dk\/de\/shop\/wolle\/farbkarte-de\/coast\/\"]}]},{\"@type\":\"ImageObject\",\"inLanguage\":\"de\",\"@id\":\"https:\/\/arkiv.conraddesign.dk\/de\/shop\/wolle\/farbkarte-de\/coast\/#primaryimage\",\"url\":\"https:\/\/arkiv.conraddesign.dk\/wp-content\/uploads\/2018\/03\/farvekort-coast-2.jpg\",\"contentUrl\":\"https:\/\/arkiv.conraddesign.dk\/wp-content\/uploads\/2018\/03\/farvekort-coast-2.jpg\",\"width\":651,\"height\":651},{\"@type\":\"BreadcrumbList\",\"@id\":\"https:\/\/arkiv.conraddesign.dk\/de\/shop\/wolle\/farbkarte-de\/coast\/#breadcrumb\",\"itemListElement\":[{\"@type\":\"ListItem\",\"position\":1,\"name\":\"Hjem\",\"item\":\"https:\/\/arkiv.conraddesign.dk\/de\/\"},{\"@type\":\"ListItem\",\"position\":2,\"name\":\"Shop\",\"item\":\"https:\/\/arkiv.conraddesign.dk\/de\/shop\/\"},{\"@type\":\"ListItem\",\"position\":3,\"name\":\"Coast\"}]},{\"@type\":\"WebSite\",\"@id\":\"https:\/\/arkiv.conraddesign.dk\/#website\",\"url\":\"https:\/\/arkiv.conraddesign.dk\/\",\"name\":\"Conraddesign\",\"description\":\"\",\"potentialAction\":[{\"@type\":\"SearchAction\",\"target\":{\"@type\":\"EntryPoint\",\"urlTemplate\":\"https:\/\/arkiv.conraddesign.dk\/?s={search_term_string}\"},\"query-input\":{\"@type\":\"PropertyValueSpecification\",\"valueRequired\":true,\"valueName\":\"search_term_string\"}}],\"inLanguage\":\"de\"}]}<\/script>\n<!-- \/ Yoast SEO plugin. -->","yoast_head_json":{"title":"Coast - Conraddesign","robots":{"index":"noindex","follow":"follow","max-snippet":"max-snippet:-1","max-image-preview":"max-image-preview:large","max-video-preview":"max-video-preview:-1"},"og_locale":"de_DE","og_type":"article","og_title":"Coast - Conraddesign","og_description":"Farvekort Coast","og_url":"https:\/\/arkiv.conraddesign.dk\/de\/shop\/wolle\/farbkarte-de\/coast\/","og_site_name":"Conraddesign","article_modified_time":"2024-10-18T13:53:50+00:00","og_image":[{"width":651,"height":651,"url":"https:\/\/arkiv.conraddesign.dk\/wp-content\/uploads\/2018\/03\/farvekort-coast-2.jpg","type":"image\/jpeg"}],"twitter_card":"summary_large_image","schema":{"@context":"https:\/\/schema.org","@graph":[{"@type":"WebPage","@id":"https:\/\/arkiv.conraddesign.dk\/de\/shop\/wolle\/farbkarte-de\/coast\/","url":"https:\/\/arkiv.conraddesign.dk\/de\/shop\/wolle\/farbkarte-de\/coast\/","name":"Coast - Conraddesign","isPartOf":{"@id":"https:\/\/arkiv.conraddesign.dk\/#website"},"primaryImageOfPage":{"@id":"https:\/\/arkiv.conraddesign.dk\/de\/shop\/wolle\/farbkarte-de\/coast\/#primaryimage"},"image":{"@id":"https:\/\/arkiv.conraddesign.dk\/de\/shop\/wolle\/farbkarte-de\/coast\/#primaryimage"},"thumbnailUrl":"https:\/\/arkiv.conraddesign.dk\/wp-content\/uploads\/2018\/03\/farvekort-coast-2.jpg","datePublished":"2021-01-23T18:13:36+00:00","dateModified":"2024-10-18T13:53:50+00:00","breadcrumb":{"@id":"https:\/\/arkiv.conraddesign.dk\/de\/shop\/wolle\/farbkarte-de\/coast\/#breadcrumb"},"inLanguage":"de","potentialAction":[{"@type":"ReadAction","target":["https:\/\/arkiv.conraddesign.dk\/de\/shop\/wolle\/farbkarte-de\/coast\/"]}]},{"@type":"ImageObject","inLanguage":"de","@id":"https:\/\/arkiv.conraddesign.dk\/de\/shop\/wolle\/farbkarte-de\/coast\/#primaryimage","url":"https:\/\/arkiv.conraddesign.dk\/wp-content\/uploads\/2018\/03\/farvekort-coast-2.jpg","contentUrl":"https:\/\/arkiv.conraddesign.dk\/wp-content\/uploads\/2018\/03\/farvekort-coast-2.jpg","width":651,"height":651},{"@type":"BreadcrumbList","@id":"https:\/\/arkiv.conraddesign.dk\/de\/shop\/wolle\/farbkarte-de\/coast\/#breadcrumb","itemListElement":[{"@type":"ListItem","position":1,"name":"Hjem","item":"https:\/\/arkiv.conraddesign.dk\/de\/"},{"@type":"ListItem","position":2,"name":"Shop","item":"https:\/\/arkiv.conraddesign.dk\/de\/shop\/"},{"@type":"ListItem","position":3,"name":"Coast"}]},{"@type":"WebSite","@id":"https:\/\/arkiv.conraddesign.dk\/#website","url":"https:\/\/arkiv.conraddesign.dk\/","name":"Conraddesign","description":"","potentialAction":[{"@type":"SearchAction","target":{"@type":"EntryPoint","urlTemplate":"https:\/\/arkiv.conraddesign.dk\/?s={search_term_string}"},"query-input":{"@type":"PropertyValueSpecification","valueRequired":true,"valueName":"search_term_string"}}],"inLanguage":"de"}]}},"_links":{"self":[{"href":"https:\/\/arkiv.conraddesign.dk\/de\/wp-json\/wp\/v2\/product\/14683","targetHints":{"allow":["GET"]}}],"collection":[{"href":"https:\/\/arkiv.conraddesign.dk\/de\/wp-json\/wp\/v2\/product"}],"about":[{"href":"https:\/\/arkiv.conraddesign.dk\/de\/wp-json\/wp\/v2\/types\/product"}],"replies":[{"embeddable":true,"href":"https:\/\/arkiv.conraddesign.dk\/de\/wp-json\/wp\/v2\/comments?post=14683"}],"wp:featuredmedia":[{"embeddable":true,"href":"https:\/\/arkiv.conraddesign.dk\/de\/wp-json\/wp\/v2\/media\/14684"}],"wp:attachment":[{"href":"https:\/\/arkiv.conraddesign.dk\/de\/wp-json\/wp\/v2\/media?parent=14683"}],"wp:term":[{"taxonomy":"product_cat","embeddable":true,"href":"https:\/\/arkiv.conraddesign.dk\/de\/wp-json\/wp\/v2\/product_cat?post=14683"},{"taxonomy":"product_tag","embeddable":true,"href":"https:\/\/arkiv.conraddesign.dk\/de\/wp-json\/wp\/v2\/product_tag?post=14683"}],"curies":[{"name":"wp","href":"https:\/\/api.w.org\/{rel}","templated":true}]}}

<p>Coast Wolle ist eine delikate weiche Wollmischung, die aus 55 % Merino Lammwolle und 45% Baumwolle besteht.<br />
Strickfestigkeit: 21 x 2 – 3 mit Einzelfaden (ca. 25 – 26 Stiche von 10 cm) oder p 4 – 41,2 mit zwei Fäden (ca. 21 Stiche von 10 cm). Wird geliefert in Knäueln mit ungefähr 25 – 50 g.<br />
Die Lauflänge beträgt ca. 350 m pro 50 g.</p>
