{"id":14926,"date":"2017-04-20T11:01:13","date_gmt":"2021-01-31T15:03:32","guid":{"rendered":"https:\/\/arkiv.conraddesign.dk\/shop\/unkategorisiert\/das-meer\/"},"modified":"2023-06-10T00:01:03","modified_gmt":"2023-06-09T22:01:03","slug":"havet-3","status":"publish","type":"product","link":"https:\/\/arkiv.conraddesign.dk\/de\/shop\/rezept\/strickanleitung-fuer-maenner\/havet-3\/","title":{"rendered":"Das Meer"},"content":{"rendered":"<p>Gr\u00f6\u00dfe: (S) &#8211; M &#8211; (L) &#8211; XL &#8211; (XXL)<\/p>\n<ul>\n<li>Brustweite: (52) &#8211; 55 &#8211; (58) &#8211; 61 &#8211; (64) Cm<\/li>\n<li>Volle L\u00e4nge: (61) &#8211; 64 &#8211; (67) &#8211; 70 &#8211; (73) Cm<\/li>\n<li>\u00c4rmell\u00e4nge: (52) &#8211; 55 &#8211; (58) &#8211; 61 &#8211; (64) Cm<\/li>\n<\/ul>\n<p>Material: Coast, 55% Merino Lammwolle \u2013 45% Baumwolle.<\/p>\n<p>Mit Doppelfaden auf Nadeln gestrickt 4\u00bd<\/p>\n<p>Design: Helena Conrad<\/p>\n","protected":false},"excerpt":{"rendered":"<p>Gr\u00f6\u00dfe: S &#8211; M &#8211; L &#8211; XL &#8211; XXL<\/p>\n<p>Das Hemd ist mit Hebemaschen am Vorderteil und Hinterteil gestrickt<\/p>\n<p>Beim Kauf wird automatisch eine Auftragsbest\u00e4tigung an Ihre E-Mail gesendet.<br \/>\nAuf der Auftragsbest\u00e4tigung befindet sich ein Feld, in das Sie die Strickanweisungen auf Ihr Ger\u00e4t herunterladen k\u00f6nnen.<br \/>\nWenn Sie Ihre Auftragsbest\u00e4tigung nicht innerhalb der n\u00e4chsten 5 Minuten erhalten haben. \u00dcberpr\u00fcfen Sie Ihre Spam-Mails.<\/p>\n<p>Design: Helena Conrad<\/p>\n","protected":false},"featured_media":14866,"comment_status":"closed","ping_status":"closed","template":"","meta":[],"product_cat":[426,431],"product_tag":[],"class_list":{"0":"post-14926","1":"product","2":"type-product","3":"status-publish","4":"has-post-thumbnail","6":"product_cat-rezept","7":"product_cat-strickanleitung-fuer-maenner","8":"tm-no-options","9":"description-off","11":"first","12":"instock","13":"downloadable","14":"virtual","15":"taxable","16":"purchasable","17":"product-type-simple"},"aioseo_notices":[],"yoast_head":"<!-- This site is optimized with the Yoast SEO plugin v25.7 - https:\/\/yoast.com\/wordpress\/plugins\/seo\/ -->\n<title>Das Meer - Conraddesign<\/title>\n<meta name=\"robots\" content=\"noindex, follow, max-snippet:-1, max-image-preview:large, max-video-preview:-1\" \/>\n<meta property=\"og:locale\" content=\"de_DE\" \/>\n<meta property=\"og:type\" content=\"article\" \/>\n<meta property=\"og:title\" content=\"Das Meer - Conraddesign\" \/>\n<meta property=\"og:description\" content=\"Gr\u00f6\u00dfe: S - M - L - XL - XXL  Das Hemd ist mit Hebemaschen am Vorderteil und Hinterteil gestrickt  Beim Kauf wird automatisch eine Auftragsbest\u00e4tigung an Ihre E-Mail gesendet. Auf der Auftragsbest\u00e4tigung befindet sich ein Feld, in das Sie die Strickanweisungen auf Ihr Ger\u00e4t herunterladen k\u00f6nnen. Wenn Sie Ihre Auftragsbest\u00e4tigung nicht innerhalb der n\u00e4chsten 5 Minuten erhalten haben. \u00dcberpr\u00fcfen Sie Ihre Spam-Mails.  Design: Helena Conrad\" \/>\n<meta property=\"og:url\" content=\"https:\/\/arkiv.conraddesign.dk\/de\/shop\/rezept\/strickanleitung-fuer-maenner\/havet-3\/\" \/>\n<meta property=\"og:site_name\" content=\"Conraddesign\" \/>\n<meta property=\"article:modified_time\" content=\"2023-06-09T22:01:03+00:00\" \/>\n<meta property=\"og:image\" content=\"https:\/\/arkiv.conraddesign.dk\/wp-content\/uploads\/2017\/04\/havet-1-e1513623814680.jpg\" \/>\n\t<meta property=\"og:image:width\" content=\"700\" \/>\n\t<meta property=\"og:image:height\" content=\"933\" \/>\n\t<meta property=\"og:image:type\" content=\"image\/jpeg\" \/>\n<meta name=\"twitter:card\" content=\"summary_large_image\" \/>\n<script type=\"application\/ld+json\" class=\"yoast-schema-graph\">{\"@context\":\"https:\/\/schema.org\",\"@graph\":[{\"@type\":\"WebPage\",\"@id\":\"https:\/\/arkiv.conraddesign.dk\/de\/shop\/rezept\/strickanleitung-fuer-maenner\/havet-3\/\",\"url\":\"https:\/\/arkiv.conraddesign.dk\/de\/shop\/rezept\/strickanleitung-fuer-maenner\/havet-3\/\",\"name\":\"Das Meer - Conraddesign\",\"isPartOf\":{\"@id\":\"https:\/\/arkiv.conraddesign.dk\/#website\"},\"primaryImageOfPage\":{\"@id\":\"https:\/\/arkiv.conraddesign.dk\/de\/shop\/rezept\/strickanleitung-fuer-maenner\/havet-3\/#primaryimage\"},\"image\":{\"@id\":\"https:\/\/arkiv.conraddesign.dk\/de\/shop\/rezept\/strickanleitung-fuer-maenner\/havet-3\/#primaryimage\"},\"thumbnailUrl\":\"https:\/\/arkiv.conraddesign.dk\/wp-content\/uploads\/2017\/04\/havet-1-e1513623814680.jpg\",\"datePublished\":\"2021-01-31T15:03:32+00:00\",\"dateModified\":\"2023-06-09T22:01:03+00:00\",\"breadcrumb\":{\"@id\":\"https:\/\/arkiv.conraddesign.dk\/de\/shop\/rezept\/strickanleitung-fuer-maenner\/havet-3\/#breadcrumb\"},\"inLanguage\":\"de\",\"potentialAction\":[{\"@type\":\"ReadAction\",\"target\":[\"https:\/\/arkiv.conraddesign.dk\/de\/shop\/rezept\/strickanleitung-fuer-maenner\/havet-3\/\"]}]},{\"@type\":\"ImageObject\",\"inLanguage\":\"de\",\"@id\":\"https:\/\/arkiv.conraddesign.dk\/de\/shop\/rezept\/strickanleitung-fuer-maenner\/havet-3\/#primaryimage\",\"url\":\"https:\/\/arkiv.conraddesign.dk\/wp-content\/uploads\/2017\/04\/havet-1-e1513623814680.jpg\",\"contentUrl\":\"https:\/\/arkiv.conraddesign.dk\/wp-content\/uploads\/2017\/04\/havet-1-e1513623814680.jpg\",\"width\":700,\"height\":933},{\"@type\":\"BreadcrumbList\",\"@id\":\"https:\/\/arkiv.conraddesign.dk\/de\/shop\/rezept\/strickanleitung-fuer-maenner\/havet-3\/#breadcrumb\",\"itemListElement\":[{\"@type\":\"ListItem\",\"position\":1,\"name\":\"Hjem\",\"item\":\"https:\/\/arkiv.conraddesign.dk\/de\/\"},{\"@type\":\"ListItem\",\"position\":2,\"name\":\"Shop\",\"item\":\"https:\/\/arkiv.conraddesign.dk\/de\/shop\/\"},{\"@type\":\"ListItem\",\"position\":3,\"name\":\"Das Meer\"}]},{\"@type\":\"WebSite\",\"@id\":\"https:\/\/arkiv.conraddesign.dk\/#website\",\"url\":\"https:\/\/arkiv.conraddesign.dk\/\",\"name\":\"Conraddesign\",\"description\":\"\",\"potentialAction\":[{\"@type\":\"SearchAction\",\"target\":{\"@type\":\"EntryPoint\",\"urlTemplate\":\"https:\/\/arkiv.conraddesign.dk\/?s={search_term_string}\"},\"query-input\":{\"@type\":\"PropertyValueSpecification\",\"valueRequired\":true,\"valueName\":\"search_term_string\"}}],\"inLanguage\":\"de\"}]}<\/script>\n<!-- \/ Yoast SEO plugin. -->","yoast_head_json":{"title":"Das Meer - Conraddesign","robots":{"index":"noindex","follow":"follow","max-snippet":"max-snippet:-1","max-image-preview":"max-image-preview:large","max-video-preview":"max-video-preview:-1"},"og_locale":"de_DE","og_type":"article","og_title":"Das Meer - Conraddesign","og_description":"Gr\u00f6\u00dfe: S - M - L - XL - XXL  Das Hemd ist mit Hebemaschen am Vorderteil und Hinterteil gestrickt  Beim Kauf wird automatisch eine Auftragsbest\u00e4tigung an Ihre E-Mail gesendet. Auf der Auftragsbest\u00e4tigung befindet sich ein Feld, in das Sie die Strickanweisungen auf Ihr Ger\u00e4t herunterladen k\u00f6nnen. Wenn Sie Ihre Auftragsbest\u00e4tigung nicht innerhalb der n\u00e4chsten 5 Minuten erhalten haben. \u00dcberpr\u00fcfen Sie Ihre Spam-Mails.  Design: Helena Conrad","og_url":"https:\/\/arkiv.conraddesign.dk\/de\/shop\/rezept\/strickanleitung-fuer-maenner\/havet-3\/","og_site_name":"Conraddesign","article_modified_time":"2023-06-09T22:01:03+00:00","og_image":[{"width":700,"height":933,"url":"https:\/\/arkiv.conraddesign.dk\/wp-content\/uploads\/2017\/04\/havet-1-e1513623814680.jpg","type":"image\/jpeg"}],"twitter_card":"summary_large_image","schema":{"@context":"https:\/\/schema.org","@graph":[{"@type":"WebPage","@id":"https:\/\/arkiv.conraddesign.dk\/de\/shop\/rezept\/strickanleitung-fuer-maenner\/havet-3\/","url":"https:\/\/arkiv.conraddesign.dk\/de\/shop\/rezept\/strickanleitung-fuer-maenner\/havet-3\/","name":"Das Meer - Conraddesign","isPartOf":{"@id":"https:\/\/arkiv.conraddesign.dk\/#website"},"primaryImageOfPage":{"@id":"https:\/\/arkiv.conraddesign.dk\/de\/shop\/rezept\/strickanleitung-fuer-maenner\/havet-3\/#primaryimage"},"image":{"@id":"https:\/\/arkiv.conraddesign.dk\/de\/shop\/rezept\/strickanleitung-fuer-maenner\/havet-3\/#primaryimage"},"thumbnailUrl":"https:\/\/arkiv.conraddesign.dk\/wp-content\/uploads\/2017\/04\/havet-1-e1513623814680.jpg","datePublished":"2021-01-31T15:03:32+00:00","dateModified":"2023-06-09T22:01:03+00:00","breadcrumb":{"@id":"https:\/\/arkiv.conraddesign.dk\/de\/shop\/rezept\/strickanleitung-fuer-maenner\/havet-3\/#breadcrumb"},"inLanguage":"de","potentialAction":[{"@type":"ReadAction","target":["https:\/\/arkiv.conraddesign.dk\/de\/shop\/rezept\/strickanleitung-fuer-maenner\/havet-3\/"]}]},{"@type":"ImageObject","inLanguage":"de","@id":"https:\/\/arkiv.conraddesign.dk\/de\/shop\/rezept\/strickanleitung-fuer-maenner\/havet-3\/#primaryimage","url":"https:\/\/arkiv.conraddesign.dk\/wp-content\/uploads\/2017\/04\/havet-1-e1513623814680.jpg","contentUrl":"https:\/\/arkiv.conraddesign.dk\/wp-content\/uploads\/2017\/04\/havet-1-e1513623814680.jpg","width":700,"height":933},{"@type":"BreadcrumbList","@id":"https:\/\/arkiv.conraddesign.dk\/de\/shop\/rezept\/strickanleitung-fuer-maenner\/havet-3\/#breadcrumb","itemListElement":[{"@type":"ListItem","position":1,"name":"Hjem","item":"https:\/\/arkiv.conraddesign.dk\/de\/"},{"@type":"ListItem","position":2,"name":"Shop","item":"https:\/\/arkiv.conraddesign.dk\/de\/shop\/"},{"@type":"ListItem","position":3,"name":"Das Meer"}]},{"@type":"WebSite","@id":"https:\/\/arkiv.conraddesign.dk\/#website","url":"https:\/\/arkiv.conraddesign.dk\/","name":"Conraddesign","description":"","potentialAction":[{"@type":"SearchAction","target":{"@type":"EntryPoint","urlTemplate":"https:\/\/arkiv.conraddesign.dk\/?s={search_term_string}"},"query-input":{"@type":"PropertyValueSpecification","valueRequired":true,"valueName":"search_term_string"}}],"inLanguage":"de"}]}},"_links":{"self":[{"href":"https:\/\/arkiv.conraddesign.dk\/de\/wp-json\/wp\/v2\/product\/14926","targetHints":{"allow":["GET"]}}],"collection":[{"href":"https:\/\/arkiv.conraddesign.dk\/de\/wp-json\/wp\/v2\/product"}],"about":[{"href":"https:\/\/arkiv.conraddesign.dk\/de\/wp-json\/wp\/v2\/types\/product"}],"replies":[{"embeddable":true,"href":"https:\/\/arkiv.conraddesign.dk\/de\/wp-json\/wp\/v2\/comments?post=14926"}],"wp:featuredmedia":[{"embeddable":true,"href":"https:\/\/arkiv.conraddesign.dk\/de\/wp-json\/wp\/v2\/media\/14866"}],"wp:attachment":[{"href":"https:\/\/arkiv.conraddesign.dk\/de\/wp-json\/wp\/v2\/media?parent=14926"}],"wp:term":[{"taxonomy":"product_cat","embeddable":true,"href":"https:\/\/arkiv.conraddesign.dk\/de\/wp-json\/wp\/v2\/product_cat?post=14926"},{"taxonomy":"product_tag","embeddable":true,"href":"https:\/\/arkiv.conraddesign.dk\/de\/wp-json\/wp\/v2\/product_tag?post=14926"}],"curies":[{"name":"wp","href":"https:\/\/api.w.org\/{rel}","templated":true}]}}

<p>Größe: (S) &#8211; M &#8211; (L) &#8211; XL &#8211; (XXL)</p>
<ul>
<li>Brustweite: (52) &#8211; 55 &#8211; (58) &#8211; 61 &#8211; (64) Cm</li>
<li>Volle Länge: (61) &#8211; 64 &#8211; (67) &#8211; 70 &#8211; (73) Cm</li>
<li>Ärmellänge: (52) &#8211; 55 &#8211; (58) &#8211; 61 &#8211; (64) Cm</li>
</ul>
<p>Material: Coast, 55% Merino Lammwolle – 45% Baumwolle.</p>
<p>Mit Doppelfaden auf Nadeln gestrickt 4½</p>
<p>Design: Helena Conrad</p>

<p>Größe: S &#8211; M &#8211; L &#8211; XL &#8211; XXL</p>
<p>Das Hemd ist mit Hebemaschen am Vorderteil und Hinterteil gestrickt</p>
<p>Beim Kauf wird automatisch eine Auftragsbestätigung an Ihre E-Mail gesendet.<br />
Auf der Auftragsbestätigung befindet sich ein Feld, in das Sie die Strickanweisungen auf Ihr Gerät herunterladen können.<br />
Wenn Sie Ihre Auftragsbestätigung nicht innerhalb der nächsten 5 Minuten erhalten haben. Überprüfen Sie Ihre Spam-Mails.</p>
<p>Design: Helena Conrad</p>

<!-- This site is optimized with the Yoast SEO plugin v25.7 - https://yoast.com/wordpress/plugins/seo/ -->
<title>Das Meer - Conraddesign</title>
<meta name="robots" content="noindex, follow, max-snippet:-1, max-image-preview:large, max-video-preview:-1" />
<meta property="og:locale" content="de_DE" />
<meta property="og:type" content="article" />
<meta property="og:title" content="Das Meer - Conraddesign" />
<meta property="og:description" content="Größe: S - M - L - XL - XXL  Das Hemd ist mit Hebemaschen am Vorderteil und Hinterteil gestrickt  Beim Kauf wird automatisch eine Auftragsbestätigung an Ihre E-Mail gesendet. Auf der Auftragsbestätigung befindet sich ein Feld, in das Sie die Strickanweisungen auf Ihr Gerät herunterladen können. Wenn Sie Ihre Auftragsbestätigung nicht innerhalb der nächsten 5 Minuten erhalten haben. Überprüfen Sie Ihre Spam-Mails.  Design: Helena Conrad" />
<meta property="og:url" content="https://arkiv.conraddesign.dk/de/shop/rezept/strickanleitung-fuer-maenner/havet-3/" />
<meta property="og:site_name" content="Conraddesign" />
<meta property="article:modified_time" content="2023-06-09T22:01:03+00:00" />
<meta property="og:image" content="https://arkiv.conraddesign.dk/wp-content/uploads/2017/04/havet-1-e1513623814680.jpg" />
	<meta property="og:image:width" content="700" />
	<meta property="og:image:height" content="933" />
	<meta property="og:image:type" content="image/jpeg" />
<meta name="twitter:card" content="summary_large_image" />
<script type="application/ld+json" class="yoast-schema-graph">{"@context":"https://schema.org","@graph":[{"@type":"WebPage","@id":"https://arkiv.conraddesign.dk/de/shop/rezept/strickanleitung-fuer-maenner/havet-3/","url":"https://arkiv.conraddesign.dk/de/shop/rezept/strickanleitung-fuer-maenner/havet-3/","name":"Das Meer - Conraddesign","isPartOf":{"@id":"https://arkiv.conraddesign.dk/#website"},"primaryImageOfPage":{"@id":"https://arkiv.conraddesign.dk/de/shop/rezept/strickanleitung-fuer-maenner/havet-3/#primaryimage"},"image":{"@id":"https://arkiv.conraddesign.dk/de/shop/rezept/strickanleitung-fuer-maenner/havet-3/#primaryimage"},"thumbnailUrl":"https://arkiv.conraddesign.dk/wp-content/uploads/2017/04/havet-1-e1513623814680.jpg","datePublished":"2021-01-31T15:03:32+00:00","dateModified":"2023-06-09T22:01:03+00:00","breadcrumb":{"@id":"https://arkiv.conraddesign.dk/de/shop/rezept/strickanleitung-fuer-maenner/havet-3/#breadcrumb"},"inLanguage":"de","potentialAction":[{"@type":"ReadAction","target":["https://arkiv.conraddesign.dk/de/shop/rezept/strickanleitung-fuer-maenner/havet-3/"]}]},{"@type":"ImageObject","inLanguage":"de","@id":"https://arkiv.conraddesign.dk/de/shop/rezept/strickanleitung-fuer-maenner/havet-3/#primaryimage","url":"https://arkiv.conraddesign.dk/wp-content/uploads/2017/04/havet-1-e1513623814680.jpg","contentUrl":"https://arkiv.conraddesign.dk/wp-content/uploads/2017/04/havet-1-e1513623814680.jpg","width":700,"height":933},{"@type":"BreadcrumbList","@id":"https://arkiv.conraddesign.dk/de/shop/rezept/strickanleitung-fuer-maenner/havet-3/#breadcrumb","itemListElement":[{"@type":"ListItem","position":1,"name":"Hjem","item":"https://arkiv.conraddesign.dk/de/"},{"@type":"ListItem","position":2,"name":"Shop","item":"https://arkiv.conraddesign.dk/de/shop/"},{"@type":"ListItem","position":3,"name":"Das Meer"}]},{"@type":"WebSite","@id":"https://arkiv.conraddesign.dk/#website","url":"https://arkiv.conraddesign.dk/","name":"Conraddesign","description":"","potentialAction":[{"@type":"SearchAction","target":{"@type":"EntryPoint","urlTemplate":"https://arkiv.conraddesign.dk/?s={search_term_string}"},"query-input":{"@type":"PropertyValueSpecification","valueRequired":true,"valueName":"search_term_string"}}],"inLanguage":"de"}]}</script>
<!-- / Yoast SEO plugin. -->

Größe: S - M - L - XL - XXL  Das Hemd ist mit Hebemaschen am Vorderteil und Hinterteil gestrickt  Beim Kauf wird automatisch eine Auftragsbestätigung an Ihre E-Mail gesendet. Auf der Auftragsbestätigung befindet sich ein Feld, in das Sie die Strickanweisungen auf Ihr Gerät herunterladen können. Wenn Sie Ihre Auftragsbestätigung nicht innerhalb der nächsten 5 Minuten erhalten haben. Überprüfen Sie Ihre Spam-Mails.  Design: Helena Conrad
