{"id":16389,"date":"2020-01-17T15:31:44","date_gmt":"2021-08-24T18:21:56","guid":{"rendered":"https:\/\/arkiv.conraddesign.dk\/shop\/unkategorisiert\/michael\/"},"modified":"2024-07-08T00:01:10","modified_gmt":"2024-07-07T22:01:10","slug":"michael","status":"publish","type":"product","link":"https:\/\/arkiv.conraddesign.dk\/de\/shop\/stricksaet\/strickset-fuer-maenner\/michael\/","title":{"rendered":"Michael"},"content":{"rendered":"<p>Gr\u00f6\u00dfe: (S) &#8211; M &#8211; (L) &#8211; XL &#8211; (XXL)<\/p>\n<ul>\n<li>Brustweite: (106) \u2013 113 &#8211; (120) \u2013 126 \u2013 (133) Cm<\/li>\n<li>Ganze L\u00e4nge: (64) \u2013 66 &#8211; (68) \u2013 70 &#8211; (72) Cm<\/li>\n<\/ul>\n<p>Material: Supersoft 100% Wolle<\/p>\n<p>Gestrickt auf Rundstock 2.5 und 3.5<\/p>\n<p>6 Farben im Modell<\/p>\n<p>Design: Helena Conrad<\/p>\n","protected":false},"excerpt":{"rendered":"<p>Gr\u00f6\u00dfe: S &#8211; XXL<\/p>\n<p>Sch\u00f6ne Retro-Weste<\/p>\n<p>Wolle: Supersoft<\/p>\n<p>Strickset enth\u00e4lt Wolle und deutsche Strikanweisungen<\/p>\n<p>Design: Helena Conrad<\/p>\n","protected":false},"featured_media":16390,"comment_status":"closed","ping_status":"closed","template":"","meta":[],"product_cat":[412,429],"product_tag":[],"class_list":{"0":"post-16389","1":"product","2":"type-product","3":"status-publish","4":"has-post-thumbnail","6":"product_cat-stricksaet","7":"product_cat-strickset-fuer-maenner","8":"tm-no-options","9":"description-off","11":"first","12":"instock","13":"taxable","14":"shipping-taxable","15":"purchasable","16":"product-type-simple"},"aioseo_notices":[],"yoast_head":"<!-- This site is optimized with the Yoast SEO plugin v25.7 - https:\/\/yoast.com\/wordpress\/plugins\/seo\/ -->\n<title>Michael - Conraddesign<\/title>\n<meta name=\"robots\" content=\"noindex, follow, max-snippet:-1, max-image-preview:large, max-video-preview:-1\" \/>\n<meta property=\"og:locale\" content=\"de_DE\" \/>\n<meta property=\"og:type\" content=\"article\" \/>\n<meta property=\"og:title\" content=\"Michael - Conraddesign\" \/>\n<meta property=\"og:description\" content=\"Gr\u00f6\u00dfe: S - XXL Sch\u00f6ne Retro-Weste Wolle: Supersoft Strickset enth\u00e4lt Wolle und deutsche Strikanweisungen Design: Helena Conrad\" \/>\n<meta property=\"og:url\" content=\"https:\/\/arkiv.conraddesign.dk\/de\/shop\/stricksaet\/strickset-fuer-maenner\/michael\/\" \/>\n<meta property=\"og:site_name\" content=\"Conraddesign\" \/>\n<meta property=\"article:modified_time\" content=\"2024-07-07T22:01:10+00:00\" \/>\n<meta property=\"og:image\" content=\"https:\/\/arkiv.conraddesign.dk\/wp-content\/uploads\/2020\/01\/Vest-Thor-1-2-scaled-e1579257927943.jpg\" \/>\n\t<meta property=\"og:image:width\" content=\"1000\" \/>\n\t<meta property=\"og:image:height\" content=\"1333\" \/>\n\t<meta property=\"og:image:type\" content=\"image\/jpeg\" \/>\n<meta name=\"twitter:card\" content=\"summary_large_image\" \/>\n<script type=\"application\/ld+json\" class=\"yoast-schema-graph\">{\"@context\":\"https:\/\/schema.org\",\"@graph\":[{\"@type\":\"WebPage\",\"@id\":\"https:\/\/arkiv.conraddesign.dk\/de\/shop\/stricksaet\/strickset-fuer-maenner\/michael\/\",\"url\":\"https:\/\/arkiv.conraddesign.dk\/de\/shop\/stricksaet\/strickset-fuer-maenner\/michael\/\",\"name\":\"Michael - Conraddesign\",\"isPartOf\":{\"@id\":\"https:\/\/arkiv.conraddesign.dk\/#website\"},\"primaryImageOfPage\":{\"@id\":\"https:\/\/arkiv.conraddesign.dk\/de\/shop\/stricksaet\/strickset-fuer-maenner\/michael\/#primaryimage\"},\"image\":{\"@id\":\"https:\/\/arkiv.conraddesign.dk\/de\/shop\/stricksaet\/strickset-fuer-maenner\/michael\/#primaryimage\"},\"thumbnailUrl\":\"https:\/\/arkiv.conraddesign.dk\/wp-content\/uploads\/2020\/01\/Vest-Thor-1-2-scaled-e1579257927943.jpg\",\"datePublished\":\"2021-08-24T18:21:56+00:00\",\"dateModified\":\"2024-07-07T22:01:10+00:00\",\"breadcrumb\":{\"@id\":\"https:\/\/arkiv.conraddesign.dk\/de\/shop\/stricksaet\/strickset-fuer-maenner\/michael\/#breadcrumb\"},\"inLanguage\":\"de\",\"potentialAction\":[{\"@type\":\"ReadAction\",\"target\":[\"https:\/\/arkiv.conraddesign.dk\/de\/shop\/stricksaet\/strickset-fuer-maenner\/michael\/\"]}]},{\"@type\":\"ImageObject\",\"inLanguage\":\"de\",\"@id\":\"https:\/\/arkiv.conraddesign.dk\/de\/shop\/stricksaet\/strickset-fuer-maenner\/michael\/#primaryimage\",\"url\":\"https:\/\/arkiv.conraddesign.dk\/wp-content\/uploads\/2020\/01\/Vest-Thor-1-2-scaled-e1579257927943.jpg\",\"contentUrl\":\"https:\/\/arkiv.conraddesign.dk\/wp-content\/uploads\/2020\/01\/Vest-Thor-1-2-scaled-e1579257927943.jpg\",\"width\":1000,\"height\":1333},{\"@type\":\"BreadcrumbList\",\"@id\":\"https:\/\/arkiv.conraddesign.dk\/de\/shop\/stricksaet\/strickset-fuer-maenner\/michael\/#breadcrumb\",\"itemListElement\":[{\"@type\":\"ListItem\",\"position\":1,\"name\":\"Hjem\",\"item\":\"https:\/\/arkiv.conraddesign.dk\/de\/\"},{\"@type\":\"ListItem\",\"position\":2,\"name\":\"Shop\",\"item\":\"https:\/\/arkiv.conraddesign.dk\/de\/shop\/\"},{\"@type\":\"ListItem\",\"position\":3,\"name\":\"Michael\"}]},{\"@type\":\"WebSite\",\"@id\":\"https:\/\/arkiv.conraddesign.dk\/#website\",\"url\":\"https:\/\/arkiv.conraddesign.dk\/\",\"name\":\"Conraddesign\",\"description\":\"\",\"potentialAction\":[{\"@type\":\"SearchAction\",\"target\":{\"@type\":\"EntryPoint\",\"urlTemplate\":\"https:\/\/arkiv.conraddesign.dk\/?s={search_term_string}\"},\"query-input\":{\"@type\":\"PropertyValueSpecification\",\"valueRequired\":true,\"valueName\":\"search_term_string\"}}],\"inLanguage\":\"de\"}]}<\/script>\n<!-- \/ Yoast SEO plugin. -->","yoast_head_json":{"title":"Michael - Conraddesign","robots":{"index":"noindex","follow":"follow","max-snippet":"max-snippet:-1","max-image-preview":"max-image-preview:large","max-video-preview":"max-video-preview:-1"},"og_locale":"de_DE","og_type":"article","og_title":"Michael - Conraddesign","og_description":"Gr\u00f6\u00dfe: S - XXL Sch\u00f6ne Retro-Weste Wolle: Supersoft Strickset enth\u00e4lt Wolle und deutsche Strikanweisungen Design: Helena Conrad","og_url":"https:\/\/arkiv.conraddesign.dk\/de\/shop\/stricksaet\/strickset-fuer-maenner\/michael\/","og_site_name":"Conraddesign","article_modified_time":"2024-07-07T22:01:10+00:00","og_image":[{"width":1000,"height":1333,"url":"https:\/\/arkiv.conraddesign.dk\/wp-content\/uploads\/2020\/01\/Vest-Thor-1-2-scaled-e1579257927943.jpg","type":"image\/jpeg"}],"twitter_card":"summary_large_image","schema":{"@context":"https:\/\/schema.org","@graph":[{"@type":"WebPage","@id":"https:\/\/arkiv.conraddesign.dk\/de\/shop\/stricksaet\/strickset-fuer-maenner\/michael\/","url":"https:\/\/arkiv.conraddesign.dk\/de\/shop\/stricksaet\/strickset-fuer-maenner\/michael\/","name":"Michael - Conraddesign","isPartOf":{"@id":"https:\/\/arkiv.conraddesign.dk\/#website"},"primaryImageOfPage":{"@id":"https:\/\/arkiv.conraddesign.dk\/de\/shop\/stricksaet\/strickset-fuer-maenner\/michael\/#primaryimage"},"image":{"@id":"https:\/\/arkiv.conraddesign.dk\/de\/shop\/stricksaet\/strickset-fuer-maenner\/michael\/#primaryimage"},"thumbnailUrl":"https:\/\/arkiv.conraddesign.dk\/wp-content\/uploads\/2020\/01\/Vest-Thor-1-2-scaled-e1579257927943.jpg","datePublished":"2021-08-24T18:21:56+00:00","dateModified":"2024-07-07T22:01:10+00:00","breadcrumb":{"@id":"https:\/\/arkiv.conraddesign.dk\/de\/shop\/stricksaet\/strickset-fuer-maenner\/michael\/#breadcrumb"},"inLanguage":"de","potentialAction":[{"@type":"ReadAction","target":["https:\/\/arkiv.conraddesign.dk\/de\/shop\/stricksaet\/strickset-fuer-maenner\/michael\/"]}]},{"@type":"ImageObject","inLanguage":"de","@id":"https:\/\/arkiv.conraddesign.dk\/de\/shop\/stricksaet\/strickset-fuer-maenner\/michael\/#primaryimage","url":"https:\/\/arkiv.conraddesign.dk\/wp-content\/uploads\/2020\/01\/Vest-Thor-1-2-scaled-e1579257927943.jpg","contentUrl":"https:\/\/arkiv.conraddesign.dk\/wp-content\/uploads\/2020\/01\/Vest-Thor-1-2-scaled-e1579257927943.jpg","width":1000,"height":1333},{"@type":"BreadcrumbList","@id":"https:\/\/arkiv.conraddesign.dk\/de\/shop\/stricksaet\/strickset-fuer-maenner\/michael\/#breadcrumb","itemListElement":[{"@type":"ListItem","position":1,"name":"Hjem","item":"https:\/\/arkiv.conraddesign.dk\/de\/"},{"@type":"ListItem","position":2,"name":"Shop","item":"https:\/\/arkiv.conraddesign.dk\/de\/shop\/"},{"@type":"ListItem","position":3,"name":"Michael"}]},{"@type":"WebSite","@id":"https:\/\/arkiv.conraddesign.dk\/#website","url":"https:\/\/arkiv.conraddesign.dk\/","name":"Conraddesign","description":"","potentialAction":[{"@type":"SearchAction","target":{"@type":"EntryPoint","urlTemplate":"https:\/\/arkiv.conraddesign.dk\/?s={search_term_string}"},"query-input":{"@type":"PropertyValueSpecification","valueRequired":true,"valueName":"search_term_string"}}],"inLanguage":"de"}]}},"_links":{"self":[{"href":"https:\/\/arkiv.conraddesign.dk\/de\/wp-json\/wp\/v2\/product\/16389","targetHints":{"allow":["GET"]}}],"collection":[{"href":"https:\/\/arkiv.conraddesign.dk\/de\/wp-json\/wp\/v2\/product"}],"about":[{"href":"https:\/\/arkiv.conraddesign.dk\/de\/wp-json\/wp\/v2\/types\/product"}],"replies":[{"embeddable":true,"href":"https:\/\/arkiv.conraddesign.dk\/de\/wp-json\/wp\/v2\/comments?post=16389"}],"wp:featuredmedia":[{"embeddable":true,"href":"https:\/\/arkiv.conraddesign.dk\/de\/wp-json\/wp\/v2\/media\/16390"}],"wp:attachment":[{"href":"https:\/\/arkiv.conraddesign.dk\/de\/wp-json\/wp\/v2\/media?parent=16389"}],"wp:term":[{"taxonomy":"product_cat","embeddable":true,"href":"https:\/\/arkiv.conraddesign.dk\/de\/wp-json\/wp\/v2\/product_cat?post=16389"},{"taxonomy":"product_tag","embeddable":true,"href":"https:\/\/arkiv.conraddesign.dk\/de\/wp-json\/wp\/v2\/product_tag?post=16389"}],"curies":[{"name":"wp","href":"https:\/\/api.w.org\/{rel}","templated":true}]}}

<p>Größe: (S) &#8211; M &#8211; (L) &#8211; XL &#8211; (XXL)</p>
<ul>
<li>Brustweite: (106) – 113 &#8211; (120) – 126 – (133) Cm</li>
<li>Ganze Länge: (64) – 66 &#8211; (68) – 70 &#8211; (72) Cm</li>
</ul>
<p>Material: Supersoft 100% Wolle</p>
<p>Gestrickt auf Rundstock 2.5 und 3.5</p>
<p>6 Farben im Modell</p>
<p>Design: Helena Conrad</p>

<p>Größe: S &#8211; XXL</p>
<p>Schöne Retro-Weste</p>
<p>Wolle: Supersoft</p>
<p>Strickset enthält Wolle und deutsche Strikanweisungen</p>
<p>Design: Helena Conrad</p>

<!-- This site is optimized with the Yoast SEO plugin v25.7 - https://yoast.com/wordpress/plugins/seo/ -->
<title>Michael - Conraddesign</title>
<meta name="robots" content="noindex, follow, max-snippet:-1, max-image-preview:large, max-video-preview:-1" />
<meta property="og:locale" content="de_DE" />
<meta property="og:type" content="article" />
<meta property="og:title" content="Michael - Conraddesign" />
<meta property="og:description" content="Größe: S - XXL Schöne Retro-Weste Wolle: Supersoft Strickset enthält Wolle und deutsche Strikanweisungen Design: Helena Conrad" />
<meta property="og:url" content="https://arkiv.conraddesign.dk/de/shop/stricksaet/strickset-fuer-maenner/michael/" />
<meta property="og:site_name" content="Conraddesign" />
<meta property="article:modified_time" content="2024-07-07T22:01:10+00:00" />
<meta property="og:image" content="https://arkiv.conraddesign.dk/wp-content/uploads/2020/01/Vest-Thor-1-2-scaled-e1579257927943.jpg" />
	<meta property="og:image:width" content="1000" />
	<meta property="og:image:height" content="1333" />
	<meta property="og:image:type" content="image/jpeg" />
<meta name="twitter:card" content="summary_large_image" />
<script type="application/ld+json" class="yoast-schema-graph">{"@context":"https://schema.org","@graph":[{"@type":"WebPage","@id":"https://arkiv.conraddesign.dk/de/shop/stricksaet/strickset-fuer-maenner/michael/","url":"https://arkiv.conraddesign.dk/de/shop/stricksaet/strickset-fuer-maenner/michael/","name":"Michael - Conraddesign","isPartOf":{"@id":"https://arkiv.conraddesign.dk/#website"},"primaryImageOfPage":{"@id":"https://arkiv.conraddesign.dk/de/shop/stricksaet/strickset-fuer-maenner/michael/#primaryimage"},"image":{"@id":"https://arkiv.conraddesign.dk/de/shop/stricksaet/strickset-fuer-maenner/michael/#primaryimage"},"thumbnailUrl":"https://arkiv.conraddesign.dk/wp-content/uploads/2020/01/Vest-Thor-1-2-scaled-e1579257927943.jpg","datePublished":"2021-08-24T18:21:56+00:00","dateModified":"2024-07-07T22:01:10+00:00","breadcrumb":{"@id":"https://arkiv.conraddesign.dk/de/shop/stricksaet/strickset-fuer-maenner/michael/#breadcrumb"},"inLanguage":"de","potentialAction":[{"@type":"ReadAction","target":["https://arkiv.conraddesign.dk/de/shop/stricksaet/strickset-fuer-maenner/michael/"]}]},{"@type":"ImageObject","inLanguage":"de","@id":"https://arkiv.conraddesign.dk/de/shop/stricksaet/strickset-fuer-maenner/michael/#primaryimage","url":"https://arkiv.conraddesign.dk/wp-content/uploads/2020/01/Vest-Thor-1-2-scaled-e1579257927943.jpg","contentUrl":"https://arkiv.conraddesign.dk/wp-content/uploads/2020/01/Vest-Thor-1-2-scaled-e1579257927943.jpg","width":1000,"height":1333},{"@type":"BreadcrumbList","@id":"https://arkiv.conraddesign.dk/de/shop/stricksaet/strickset-fuer-maenner/michael/#breadcrumb","itemListElement":[{"@type":"ListItem","position":1,"name":"Hjem","item":"https://arkiv.conraddesign.dk/de/"},{"@type":"ListItem","position":2,"name":"Shop","item":"https://arkiv.conraddesign.dk/de/shop/"},{"@type":"ListItem","position":3,"name":"Michael"}]},{"@type":"WebSite","@id":"https://arkiv.conraddesign.dk/#website","url":"https://arkiv.conraddesign.dk/","name":"Conraddesign","description":"","potentialAction":[{"@type":"SearchAction","target":{"@type":"EntryPoint","urlTemplate":"https://arkiv.conraddesign.dk/?s={search_term_string}"},"query-input":{"@type":"PropertyValueSpecification","valueRequired":true,"valueName":"search_term_string"}}],"inLanguage":"de"}]}</script>
<!-- / Yoast SEO plugin. -->

Größe: S - XXL Schöne Retro-Weste Wolle: Supersoft Strickset enthält Wolle und deutsche Strikanweisungen Design: Helena Conrad
