{"id":16623,"date":"2018-02-21T09:07:06","date_gmt":"2021-10-05T17:23:05","guid":{"rendered":"https:\/\/arkiv.conraddesign.dk\/shop\/unkategorisiert\/margit-das-kleid\/"},"modified":"2023-11-14T23:01:10","modified_gmt":"2023-11-14T22:01:10","slug":"margit-kleid","status":"publish","type":"product","link":"https:\/\/arkiv.conraddesign.dk\/de\/shop\/stricksaet\/strickset-fuer-frauen\/margit-kleid\/","title":{"rendered":"Margit das Kleid"},"content":{"rendered":"<p>Gr\u00f6\u00dfe: S &#8211; (M) &#8211; L &#8211; (XL) &#8211; XXL<\/p>\n<ul>\n<li>Brustweite: 96 &#8211; (100) \u2013 108 &#8211; (116) \u2013 124 cm<\/li>\n<li>L\u00e4nge: 92 cm. Kann um 1 oder 2 zus\u00e4tzliche Dominoreihen erweitert werden<\/li>\n<\/ul>\n<p>Material: Coast 55% Lammwolle \/ 45% Baumwolle, gestrickt in Einzelgarn auf N 3<\/p>\n<p>12 verschiedene Farben, die im Kleid verwendet werden<\/p>\n<p>Design: Ketty Conrad<\/p>\n","protected":false},"excerpt":{"rendered":"<p>Gr\u00f6\u00dfe: S &#8211; XXL<\/p>\n<p>Domino&#8217;s Strickkleid mit kleinen bunten &#8222;Tops&#8220; und gestreiften \u00c4rmeln.<\/p>\n<p>Wolle:<\/p>\n<ul>\n<li>Coast: Denim mit klaren Effektfarben<\/li>\n<li>Coast: Schwarz mit klaren Effektfarben<\/li>\n<\/ul>\n<p>Strickset enth\u00e4lt Wolle und deutsche Strikanweisungen<\/p>\n<p>Design: Ketty Conrad<\/p>\n","protected":false},"featured_media":16625,"comment_status":"closed","ping_status":"closed","template":"","meta":[],"product_cat":[412,430],"product_tag":[],"class_list":{"0":"post-16623","1":"product","2":"type-product","3":"status-publish","4":"has-post-thumbnail","6":"product_cat-stricksaet","7":"product_cat-strickset-fuer-frauen","8":"pa_farve-blau","9":"pa_farve-schwarz","10":"pa_stoerrelse-s-l-2-de","11":"pa_stoerrelse-xl-xxl-2-de","12":"tm-has-options","13":"description-off","15":"first","16":"instock","17":"taxable","18":"shipping-taxable","19":"purchasable","20":"product-type-variable"},"aioseo_notices":[],"yoast_head":"<!-- This site is optimized with the Yoast SEO plugin v25.7 - https:\/\/yoast.com\/wordpress\/plugins\/seo\/ -->\n<title>Margit das Kleid - Conraddesign<\/title>\n<meta name=\"robots\" content=\"noindex, follow, max-snippet:-1, max-image-preview:large, max-video-preview:-1\" \/>\n<meta property=\"og:locale\" content=\"de_DE\" \/>\n<meta property=\"og:type\" content=\"article\" \/>\n<meta property=\"og:title\" content=\"Margit das Kleid - Conraddesign\" \/>\n<meta property=\"og:description\" content=\"Gr\u00f6\u00dfe: S - XXL  Domino&#039;s Strickkleid mit kleinen bunten &quot;Tops&quot; und gestreiften \u00c4rmeln.  Wolle:   Coast: Denim mit klaren Effektfarben  Coast: Schwarz mit klaren Effektfarben  Strickset enth\u00e4lt Wolle und deutsche Strikanweisungen  Design: Ketty Conrad\" \/>\n<meta property=\"og:url\" content=\"https:\/\/arkiv.conraddesign.dk\/de\/shop\/stricksaet\/strickset-fuer-frauen\/margit-kleid\/\" \/>\n<meta property=\"og:site_name\" content=\"Conraddesign\" \/>\n<meta property=\"article:modified_time\" content=\"2023-11-14T22:01:10+00:00\" \/>\n<meta property=\"og:image\" content=\"https:\/\/arkiv.conraddesign.dk\/wp-content\/uploads\/2018\/12\/MS.jpg\" \/>\n\t<meta property=\"og:image:width\" content=\"720\" \/>\n\t<meta property=\"og:image:height\" content=\"960\" \/>\n\t<meta property=\"og:image:type\" content=\"image\/jpeg\" \/>\n<meta name=\"twitter:card\" content=\"summary_large_image\" \/>\n<script type=\"application\/ld+json\" class=\"yoast-schema-graph\">{\"@context\":\"https:\/\/schema.org\",\"@graph\":[{\"@type\":\"WebPage\",\"@id\":\"https:\/\/arkiv.conraddesign.dk\/de\/shop\/stricksaet\/strickset-fuer-frauen\/margit-kleid\/\",\"url\":\"https:\/\/arkiv.conraddesign.dk\/de\/shop\/stricksaet\/strickset-fuer-frauen\/margit-kleid\/\",\"name\":\"Margit das Kleid - Conraddesign\",\"isPartOf\":{\"@id\":\"https:\/\/arkiv.conraddesign.dk\/#website\"},\"primaryImageOfPage\":{\"@id\":\"https:\/\/arkiv.conraddesign.dk\/de\/shop\/stricksaet\/strickset-fuer-frauen\/margit-kleid\/#primaryimage\"},\"image\":{\"@id\":\"https:\/\/arkiv.conraddesign.dk\/de\/shop\/stricksaet\/strickset-fuer-frauen\/margit-kleid\/#primaryimage\"},\"thumbnailUrl\":\"https:\/\/arkiv.conraddesign.dk\/wp-content\/uploads\/2018\/12\/MS.jpg\",\"datePublished\":\"2021-10-05T17:23:05+00:00\",\"dateModified\":\"2023-11-14T22:01:10+00:00\",\"breadcrumb\":{\"@id\":\"https:\/\/arkiv.conraddesign.dk\/de\/shop\/stricksaet\/strickset-fuer-frauen\/margit-kleid\/#breadcrumb\"},\"inLanguage\":\"de\",\"potentialAction\":[{\"@type\":\"ReadAction\",\"target\":[\"https:\/\/arkiv.conraddesign.dk\/de\/shop\/stricksaet\/strickset-fuer-frauen\/margit-kleid\/\"]}]},{\"@type\":\"ImageObject\",\"inLanguage\":\"de\",\"@id\":\"https:\/\/arkiv.conraddesign.dk\/de\/shop\/stricksaet\/strickset-fuer-frauen\/margit-kleid\/#primaryimage\",\"url\":\"https:\/\/arkiv.conraddesign.dk\/wp-content\/uploads\/2018\/12\/MS.jpg\",\"contentUrl\":\"https:\/\/arkiv.conraddesign.dk\/wp-content\/uploads\/2018\/12\/MS.jpg\",\"width\":720,\"height\":960},{\"@type\":\"BreadcrumbList\",\"@id\":\"https:\/\/arkiv.conraddesign.dk\/de\/shop\/stricksaet\/strickset-fuer-frauen\/margit-kleid\/#breadcrumb\",\"itemListElement\":[{\"@type\":\"ListItem\",\"position\":1,\"name\":\"Hjem\",\"item\":\"https:\/\/arkiv.conraddesign.dk\/de\/\"},{\"@type\":\"ListItem\",\"position\":2,\"name\":\"Shop\",\"item\":\"https:\/\/arkiv.conraddesign.dk\/de\/shop\/\"},{\"@type\":\"ListItem\",\"position\":3,\"name\":\"Margit das Kleid\"}]},{\"@type\":\"WebSite\",\"@id\":\"https:\/\/arkiv.conraddesign.dk\/#website\",\"url\":\"https:\/\/arkiv.conraddesign.dk\/\",\"name\":\"Conraddesign\",\"description\":\"\",\"potentialAction\":[{\"@type\":\"SearchAction\",\"target\":{\"@type\":\"EntryPoint\",\"urlTemplate\":\"https:\/\/arkiv.conraddesign.dk\/?s={search_term_string}\"},\"query-input\":{\"@type\":\"PropertyValueSpecification\",\"valueRequired\":true,\"valueName\":\"search_term_string\"}}],\"inLanguage\":\"de\"}]}<\/script>\n<!-- \/ Yoast SEO plugin. -->","yoast_head_json":{"title":"Margit das Kleid - Conraddesign","robots":{"index":"noindex","follow":"follow","max-snippet":"max-snippet:-1","max-image-preview":"max-image-preview:large","max-video-preview":"max-video-preview:-1"},"og_locale":"de_DE","og_type":"article","og_title":"Margit das Kleid - Conraddesign","og_description":"Gr\u00f6\u00dfe: S - XXL  Domino's Strickkleid mit kleinen bunten \"Tops\" und gestreiften \u00c4rmeln.  Wolle:   Coast: Denim mit klaren Effektfarben  Coast: Schwarz mit klaren Effektfarben  Strickset enth\u00e4lt Wolle und deutsche Strikanweisungen  Design: Ketty Conrad","og_url":"https:\/\/arkiv.conraddesign.dk\/de\/shop\/stricksaet\/strickset-fuer-frauen\/margit-kleid\/","og_site_name":"Conraddesign","article_modified_time":"2023-11-14T22:01:10+00:00","og_image":[{"width":720,"height":960,"url":"https:\/\/arkiv.conraddesign.dk\/wp-content\/uploads\/2018\/12\/MS.jpg","type":"image\/jpeg"}],"twitter_card":"summary_large_image","schema":{"@context":"https:\/\/schema.org","@graph":[{"@type":"WebPage","@id":"https:\/\/arkiv.conraddesign.dk\/de\/shop\/stricksaet\/strickset-fuer-frauen\/margit-kleid\/","url":"https:\/\/arkiv.conraddesign.dk\/de\/shop\/stricksaet\/strickset-fuer-frauen\/margit-kleid\/","name":"Margit das Kleid - Conraddesign","isPartOf":{"@id":"https:\/\/arkiv.conraddesign.dk\/#website"},"primaryImageOfPage":{"@id":"https:\/\/arkiv.conraddesign.dk\/de\/shop\/stricksaet\/strickset-fuer-frauen\/margit-kleid\/#primaryimage"},"image":{"@id":"https:\/\/arkiv.conraddesign.dk\/de\/shop\/stricksaet\/strickset-fuer-frauen\/margit-kleid\/#primaryimage"},"thumbnailUrl":"https:\/\/arkiv.conraddesign.dk\/wp-content\/uploads\/2018\/12\/MS.jpg","datePublished":"2021-10-05T17:23:05+00:00","dateModified":"2023-11-14T22:01:10+00:00","breadcrumb":{"@id":"https:\/\/arkiv.conraddesign.dk\/de\/shop\/stricksaet\/strickset-fuer-frauen\/margit-kleid\/#breadcrumb"},"inLanguage":"de","potentialAction":[{"@type":"ReadAction","target":["https:\/\/arkiv.conraddesign.dk\/de\/shop\/stricksaet\/strickset-fuer-frauen\/margit-kleid\/"]}]},{"@type":"ImageObject","inLanguage":"de","@id":"https:\/\/arkiv.conraddesign.dk\/de\/shop\/stricksaet\/strickset-fuer-frauen\/margit-kleid\/#primaryimage","url":"https:\/\/arkiv.conraddesign.dk\/wp-content\/uploads\/2018\/12\/MS.jpg","contentUrl":"https:\/\/arkiv.conraddesign.dk\/wp-content\/uploads\/2018\/12\/MS.jpg","width":720,"height":960},{"@type":"BreadcrumbList","@id":"https:\/\/arkiv.conraddesign.dk\/de\/shop\/stricksaet\/strickset-fuer-frauen\/margit-kleid\/#breadcrumb","itemListElement":[{"@type":"ListItem","position":1,"name":"Hjem","item":"https:\/\/arkiv.conraddesign.dk\/de\/"},{"@type":"ListItem","position":2,"name":"Shop","item":"https:\/\/arkiv.conraddesign.dk\/de\/shop\/"},{"@type":"ListItem","position":3,"name":"Margit das Kleid"}]},{"@type":"WebSite","@id":"https:\/\/arkiv.conraddesign.dk\/#website","url":"https:\/\/arkiv.conraddesign.dk\/","name":"Conraddesign","description":"","potentialAction":[{"@type":"SearchAction","target":{"@type":"EntryPoint","urlTemplate":"https:\/\/arkiv.conraddesign.dk\/?s={search_term_string}"},"query-input":{"@type":"PropertyValueSpecification","valueRequired":true,"valueName":"search_term_string"}}],"inLanguage":"de"}]}},"_links":{"self":[{"href":"https:\/\/arkiv.conraddesign.dk\/de\/wp-json\/wp\/v2\/product\/16623","targetHints":{"allow":["GET"]}}],"collection":[{"href":"https:\/\/arkiv.conraddesign.dk\/de\/wp-json\/wp\/v2\/product"}],"about":[{"href":"https:\/\/arkiv.conraddesign.dk\/de\/wp-json\/wp\/v2\/types\/product"}],"replies":[{"embeddable":true,"href":"https:\/\/arkiv.conraddesign.dk\/de\/wp-json\/wp\/v2\/comments?post=16623"}],"wp:featuredmedia":[{"embeddable":true,"href":"https:\/\/arkiv.conraddesign.dk\/de\/wp-json\/wp\/v2\/media\/16625"}],"wp:attachment":[{"href":"https:\/\/arkiv.conraddesign.dk\/de\/wp-json\/wp\/v2\/media?parent=16623"}],"wp:term":[{"taxonomy":"product_cat","embeddable":true,"href":"https:\/\/arkiv.conraddesign.dk\/de\/wp-json\/wp\/v2\/product_cat?post=16623"},{"taxonomy":"product_tag","embeddable":true,"href":"https:\/\/arkiv.conraddesign.dk\/de\/wp-json\/wp\/v2\/product_tag?post=16623"}],"curies":[{"name":"wp","href":"https:\/\/api.w.org\/{rel}","templated":true}]}}

<p>Größe: S &#8211; (M) &#8211; L &#8211; (XL) &#8211; XXL</p>
<ul>
<li>Brustweite: 96 &#8211; (100) – 108 &#8211; (116) – 124 cm</li>
<li>Länge: 92 cm. Kann um 1 oder 2 zusätzliche Dominoreihen erweitert werden</li>
</ul>
<p>Material: Coast 55% Lammwolle / 45% Baumwolle, gestrickt in Einzelgarn auf N 3</p>
<p>12 verschiedene Farben, die im Kleid verwendet werden</p>
<p>Design: Ketty Conrad</p>

<p>Größe: S &#8211; XXL</p>
<p>Domino&#8217;s Strickkleid mit kleinen bunten &#8222;Tops&#8220; und gestreiften Ärmeln.</p>
<p>Wolle:</p>
<ul>
<li>Coast: Denim mit klaren Effektfarben</li>
<li>Coast: Schwarz mit klaren Effektfarben</li>
</ul>
<p>Strickset enthält Wolle und deutsche Strikanweisungen</p>
<p>Design: Ketty Conrad</p>

<!-- This site is optimized with the Yoast SEO plugin v25.7 - https://yoast.com/wordpress/plugins/seo/ -->
<title>Margit das Kleid - Conraddesign</title>
<meta name="robots" content="noindex, follow, max-snippet:-1, max-image-preview:large, max-video-preview:-1" />
<meta property="og:locale" content="de_DE" />
<meta property="og:type" content="article" />
<meta property="og:title" content="Margit das Kleid - Conraddesign" />
<meta property="og:description" content="Größe: S - XXL  Domino&#039;s Strickkleid mit kleinen bunten &quot;Tops&quot; und gestreiften Ärmeln.  Wolle:   Coast: Denim mit klaren Effektfarben  Coast: Schwarz mit klaren Effektfarben  Strickset enthält Wolle und deutsche Strikanweisungen  Design: Ketty Conrad" />
<meta property="og:url" content="https://arkiv.conraddesign.dk/de/shop/stricksaet/strickset-fuer-frauen/margit-kleid/" />
<meta property="og:site_name" content="Conraddesign" />
<meta property="article:modified_time" content="2023-11-14T22:01:10+00:00" />
<meta property="og:image" content="https://arkiv.conraddesign.dk/wp-content/uploads/2018/12/MS.jpg" />
	<meta property="og:image:width" content="720" />
	<meta property="og:image:height" content="960" />
	<meta property="og:image:type" content="image/jpeg" />
<meta name="twitter:card" content="summary_large_image" />
<script type="application/ld+json" class="yoast-schema-graph">{"@context":"https://schema.org","@graph":[{"@type":"WebPage","@id":"https://arkiv.conraddesign.dk/de/shop/stricksaet/strickset-fuer-frauen/margit-kleid/","url":"https://arkiv.conraddesign.dk/de/shop/stricksaet/strickset-fuer-frauen/margit-kleid/","name":"Margit das Kleid - Conraddesign","isPartOf":{"@id":"https://arkiv.conraddesign.dk/#website"},"primaryImageOfPage":{"@id":"https://arkiv.conraddesign.dk/de/shop/stricksaet/strickset-fuer-frauen/margit-kleid/#primaryimage"},"image":{"@id":"https://arkiv.conraddesign.dk/de/shop/stricksaet/strickset-fuer-frauen/margit-kleid/#primaryimage"},"thumbnailUrl":"https://arkiv.conraddesign.dk/wp-content/uploads/2018/12/MS.jpg","datePublished":"2021-10-05T17:23:05+00:00","dateModified":"2023-11-14T22:01:10+00:00","breadcrumb":{"@id":"https://arkiv.conraddesign.dk/de/shop/stricksaet/strickset-fuer-frauen/margit-kleid/#breadcrumb"},"inLanguage":"de","potentialAction":[{"@type":"ReadAction","target":["https://arkiv.conraddesign.dk/de/shop/stricksaet/strickset-fuer-frauen/margit-kleid/"]}]},{"@type":"ImageObject","inLanguage":"de","@id":"https://arkiv.conraddesign.dk/de/shop/stricksaet/strickset-fuer-frauen/margit-kleid/#primaryimage","url":"https://arkiv.conraddesign.dk/wp-content/uploads/2018/12/MS.jpg","contentUrl":"https://arkiv.conraddesign.dk/wp-content/uploads/2018/12/MS.jpg","width":720,"height":960},{"@type":"BreadcrumbList","@id":"https://arkiv.conraddesign.dk/de/shop/stricksaet/strickset-fuer-frauen/margit-kleid/#breadcrumb","itemListElement":[{"@type":"ListItem","position":1,"name":"Hjem","item":"https://arkiv.conraddesign.dk/de/"},{"@type":"ListItem","position":2,"name":"Shop","item":"https://arkiv.conraddesign.dk/de/shop/"},{"@type":"ListItem","position":3,"name":"Margit das Kleid"}]},{"@type":"WebSite","@id":"https://arkiv.conraddesign.dk/#website","url":"https://arkiv.conraddesign.dk/","name":"Conraddesign","description":"","potentialAction":[{"@type":"SearchAction","target":{"@type":"EntryPoint","urlTemplate":"https://arkiv.conraddesign.dk/?s={search_term_string}"},"query-input":{"@type":"PropertyValueSpecification","valueRequired":true,"valueName":"search_term_string"}}],"inLanguage":"de"}]}</script>
<!-- / Yoast SEO plugin. -->

Größe: S - XXL  Domino's Strickkleid mit kleinen bunten "Tops" und gestreiften Ärmeln.  Wolle:   Coast: Denim mit klaren Effektfarben  Coast: Schwarz mit klaren Effektfarben  Strickset enthält Wolle und deutsche Strikanweisungen  Design: Ketty Conrad
