{"id":17444,"date":"2022-03-01T18:00:50","date_gmt":"2022-04-01T08:16:29","guid":{"rendered":"https:\/\/arkiv.conraddesign.dk\/shop\/unkategorisiert\/der-muehlradschal\/"},"modified":"2023-06-10T00:03:22","modified_gmt":"2023-06-09T22:03:22","slug":"moelle-rad-schal-2","status":"publish","type":"product","link":"https:\/\/arkiv.conraddesign.dk\/de\/shop\/stricksaet\/strickset-von-anderen-designern\/moelle-rad-schal-2\/","title":{"rendered":"Der M\u00fchlradschal"},"content":{"rendered":"<ul>\n<li><strong>Spannweite<\/strong>: ca. 183 cm<\/li>\n<li><strong>Tiefe:<\/strong> ca. 54 cm<\/li>\n<\/ul>\n<p>Material: 100% reine Wolle<\/p>\n<p>Stricknadel Nr. 3.5<\/p>\n<p>Untere Farbe + 10 verschiedene Effektfarben, die im Pullover verwendet werden.<\/p>\n<p>Design: Jane J\u00f8rgensen<\/p>\n","protected":false},"excerpt":{"rendered":"<div class=\"woocommerce-product-details__short-description\">\n<p>Schal mit vielen Farben<\/p>\n<p>Strickset enth\u00e4lt Wolle und deutsche Strikanweisungen<\/p>\n<p>Material: Supersoft<\/p>\n<p>Grundfarbe: Silvergrey<\/p>\n<p>Design: Jane J\u00f8rgensen<\/p>\n<\/div>\n","protected":false},"featured_media":17269,"comment_status":"closed","ping_status":"closed","template":"","meta":[],"product_cat":[412,515,514,528],"product_tag":[],"class_list":{"0":"post-17444","1":"product","2":"type-product","3":"status-publish","4":"has-post-thumbnail","6":"product_cat-stricksaet","7":"product_cat-strickset-von-anderen-designern","8":"product_cat-andere-designer","9":"product_cat-jane-joergensen-de","10":"tm-has-options","11":"description-off","13":"first","14":"instock","15":"taxable","16":"shipping-taxable","17":"purchasable","18":"product-type-variable"},"aioseo_notices":[],"yoast_head":"<!-- This site is optimized with the Yoast SEO plugin v25.7 - https:\/\/yoast.com\/wordpress\/plugins\/seo\/ -->\n<title>Der M\u00fchlradschal - Conraddesign<\/title>\n<meta name=\"robots\" content=\"noindex, follow, max-snippet:-1, max-image-preview:large, max-video-preview:-1\" \/>\n<meta property=\"og:locale\" content=\"de_DE\" \/>\n<meta property=\"og:type\" content=\"article\" \/>\n<meta property=\"og:title\" content=\"Der M\u00fchlradschal - Conraddesign\" \/>\n<meta property=\"og:description\" content=\"Schal mit vielen Farben  Strickset enth\u00e4lt Wolle und deutsche Strikanweisungen  Material: Supersoft  Grundfarbe: Silvergrey  Design: Jane J\u00f8rgensen\" \/>\n<meta property=\"og:url\" content=\"https:\/\/arkiv.conraddesign.dk\/de\/shop\/stricksaet\/strickset-von-anderen-designern\/moelle-rad-schal-2\/\" \/>\n<meta property=\"og:site_name\" content=\"Conraddesign\" \/>\n<meta property=\"article:modified_time\" content=\"2023-06-09T22:03:22+00:00\" \/>\n<meta property=\"og:image\" content=\"https:\/\/arkiv.conraddesign.dk\/wp-content\/uploads\/2022\/03\/thumbnail_IMG_1715-2.jpg\" \/>\n\t<meta property=\"og:image:width\" content=\"693\" \/>\n\t<meta property=\"og:image:height\" content=\"924\" \/>\n\t<meta property=\"og:image:type\" content=\"image\/jpeg\" \/>\n<meta name=\"twitter:card\" content=\"summary_large_image\" \/>\n<script type=\"application\/ld+json\" class=\"yoast-schema-graph\">{\"@context\":\"https:\/\/schema.org\",\"@graph\":[{\"@type\":\"WebPage\",\"@id\":\"https:\/\/arkiv.conraddesign.dk\/de\/shop\/stricksaet\/strickset-von-anderen-designern\/moelle-rad-schal-2\/\",\"url\":\"https:\/\/arkiv.conraddesign.dk\/de\/shop\/stricksaet\/strickset-von-anderen-designern\/moelle-rad-schal-2\/\",\"name\":\"Der M\u00fchlradschal - Conraddesign\",\"isPartOf\":{\"@id\":\"https:\/\/arkiv.conraddesign.dk\/#website\"},\"primaryImageOfPage\":{\"@id\":\"https:\/\/arkiv.conraddesign.dk\/de\/shop\/stricksaet\/strickset-von-anderen-designern\/moelle-rad-schal-2\/#primaryimage\"},\"image\":{\"@id\":\"https:\/\/arkiv.conraddesign.dk\/de\/shop\/stricksaet\/strickset-von-anderen-designern\/moelle-rad-schal-2\/#primaryimage\"},\"thumbnailUrl\":\"https:\/\/arkiv.conraddesign.dk\/wp-content\/uploads\/2022\/03\/thumbnail_IMG_1715-2.jpg\",\"datePublished\":\"2022-04-01T08:16:29+00:00\",\"dateModified\":\"2023-06-09T22:03:22+00:00\",\"breadcrumb\":{\"@id\":\"https:\/\/arkiv.conraddesign.dk\/de\/shop\/stricksaet\/strickset-von-anderen-designern\/moelle-rad-schal-2\/#breadcrumb\"},\"inLanguage\":\"de\",\"potentialAction\":[{\"@type\":\"ReadAction\",\"target\":[\"https:\/\/arkiv.conraddesign.dk\/de\/shop\/stricksaet\/strickset-von-anderen-designern\/moelle-rad-schal-2\/\"]}]},{\"@type\":\"ImageObject\",\"inLanguage\":\"de\",\"@id\":\"https:\/\/arkiv.conraddesign.dk\/de\/shop\/stricksaet\/strickset-von-anderen-designern\/moelle-rad-schal-2\/#primaryimage\",\"url\":\"https:\/\/arkiv.conraddesign.dk\/wp-content\/uploads\/2022\/03\/thumbnail_IMG_1715-2.jpg\",\"contentUrl\":\"https:\/\/arkiv.conraddesign.dk\/wp-content\/uploads\/2022\/03\/thumbnail_IMG_1715-2.jpg\",\"width\":693,\"height\":924},{\"@type\":\"BreadcrumbList\",\"@id\":\"https:\/\/arkiv.conraddesign.dk\/de\/shop\/stricksaet\/strickset-von-anderen-designern\/moelle-rad-schal-2\/#breadcrumb\",\"itemListElement\":[{\"@type\":\"ListItem\",\"position\":1,\"name\":\"Hjem\",\"item\":\"https:\/\/arkiv.conraddesign.dk\/de\/\"},{\"@type\":\"ListItem\",\"position\":2,\"name\":\"Shop\",\"item\":\"https:\/\/arkiv.conraddesign.dk\/de\/shop\/\"},{\"@type\":\"ListItem\",\"position\":3,\"name\":\"Der M\u00fchlradschal\"}]},{\"@type\":\"WebSite\",\"@id\":\"https:\/\/arkiv.conraddesign.dk\/#website\",\"url\":\"https:\/\/arkiv.conraddesign.dk\/\",\"name\":\"Conraddesign\",\"description\":\"\",\"potentialAction\":[{\"@type\":\"SearchAction\",\"target\":{\"@type\":\"EntryPoint\",\"urlTemplate\":\"https:\/\/arkiv.conraddesign.dk\/?s={search_term_string}\"},\"query-input\":{\"@type\":\"PropertyValueSpecification\",\"valueRequired\":true,\"valueName\":\"search_term_string\"}}],\"inLanguage\":\"de\"}]}<\/script>\n<!-- \/ Yoast SEO plugin. -->","yoast_head_json":{"title":"Der M\u00fchlradschal - Conraddesign","robots":{"index":"noindex","follow":"follow","max-snippet":"max-snippet:-1","max-image-preview":"max-image-preview:large","max-video-preview":"max-video-preview:-1"},"og_locale":"de_DE","og_type":"article","og_title":"Der M\u00fchlradschal - Conraddesign","og_description":"Schal mit vielen Farben  Strickset enth\u00e4lt Wolle und deutsche Strikanweisungen  Material: Supersoft  Grundfarbe: Silvergrey  Design: Jane J\u00f8rgensen","og_url":"https:\/\/arkiv.conraddesign.dk\/de\/shop\/stricksaet\/strickset-von-anderen-designern\/moelle-rad-schal-2\/","og_site_name":"Conraddesign","article_modified_time":"2023-06-09T22:03:22+00:00","og_image":[{"width":693,"height":924,"url":"https:\/\/arkiv.conraddesign.dk\/wp-content\/uploads\/2022\/03\/thumbnail_IMG_1715-2.jpg","type":"image\/jpeg"}],"twitter_card":"summary_large_image","schema":{"@context":"https:\/\/schema.org","@graph":[{"@type":"WebPage","@id":"https:\/\/arkiv.conraddesign.dk\/de\/shop\/stricksaet\/strickset-von-anderen-designern\/moelle-rad-schal-2\/","url":"https:\/\/arkiv.conraddesign.dk\/de\/shop\/stricksaet\/strickset-von-anderen-designern\/moelle-rad-schal-2\/","name":"Der M\u00fchlradschal - Conraddesign","isPartOf":{"@id":"https:\/\/arkiv.conraddesign.dk\/#website"},"primaryImageOfPage":{"@id":"https:\/\/arkiv.conraddesign.dk\/de\/shop\/stricksaet\/strickset-von-anderen-designern\/moelle-rad-schal-2\/#primaryimage"},"image":{"@id":"https:\/\/arkiv.conraddesign.dk\/de\/shop\/stricksaet\/strickset-von-anderen-designern\/moelle-rad-schal-2\/#primaryimage"},"thumbnailUrl":"https:\/\/arkiv.conraddesign.dk\/wp-content\/uploads\/2022\/03\/thumbnail_IMG_1715-2.jpg","datePublished":"2022-04-01T08:16:29+00:00","dateModified":"2023-06-09T22:03:22+00:00","breadcrumb":{"@id":"https:\/\/arkiv.conraddesign.dk\/de\/shop\/stricksaet\/strickset-von-anderen-designern\/moelle-rad-schal-2\/#breadcrumb"},"inLanguage":"de","potentialAction":[{"@type":"ReadAction","target":["https:\/\/arkiv.conraddesign.dk\/de\/shop\/stricksaet\/strickset-von-anderen-designern\/moelle-rad-schal-2\/"]}]},{"@type":"ImageObject","inLanguage":"de","@id":"https:\/\/arkiv.conraddesign.dk\/de\/shop\/stricksaet\/strickset-von-anderen-designern\/moelle-rad-schal-2\/#primaryimage","url":"https:\/\/arkiv.conraddesign.dk\/wp-content\/uploads\/2022\/03\/thumbnail_IMG_1715-2.jpg","contentUrl":"https:\/\/arkiv.conraddesign.dk\/wp-content\/uploads\/2022\/03\/thumbnail_IMG_1715-2.jpg","width":693,"height":924},{"@type":"BreadcrumbList","@id":"https:\/\/arkiv.conraddesign.dk\/de\/shop\/stricksaet\/strickset-von-anderen-designern\/moelle-rad-schal-2\/#breadcrumb","itemListElement":[{"@type":"ListItem","position":1,"name":"Hjem","item":"https:\/\/arkiv.conraddesign.dk\/de\/"},{"@type":"ListItem","position":2,"name":"Shop","item":"https:\/\/arkiv.conraddesign.dk\/de\/shop\/"},{"@type":"ListItem","position":3,"name":"Der M\u00fchlradschal"}]},{"@type":"WebSite","@id":"https:\/\/arkiv.conraddesign.dk\/#website","url":"https:\/\/arkiv.conraddesign.dk\/","name":"Conraddesign","description":"","potentialAction":[{"@type":"SearchAction","target":{"@type":"EntryPoint","urlTemplate":"https:\/\/arkiv.conraddesign.dk\/?s={search_term_string}"},"query-input":{"@type":"PropertyValueSpecification","valueRequired":true,"valueName":"search_term_string"}}],"inLanguage":"de"}]}},"_links":{"self":[{"href":"https:\/\/arkiv.conraddesign.dk\/de\/wp-json\/wp\/v2\/product\/17444","targetHints":{"allow":["GET"]}}],"collection":[{"href":"https:\/\/arkiv.conraddesign.dk\/de\/wp-json\/wp\/v2\/product"}],"about":[{"href":"https:\/\/arkiv.conraddesign.dk\/de\/wp-json\/wp\/v2\/types\/product"}],"replies":[{"embeddable":true,"href":"https:\/\/arkiv.conraddesign.dk\/de\/wp-json\/wp\/v2\/comments?post=17444"}],"wp:featuredmedia":[{"embeddable":true,"href":"https:\/\/arkiv.conraddesign.dk\/de\/wp-json\/wp\/v2\/media\/17269"}],"wp:attachment":[{"href":"https:\/\/arkiv.conraddesign.dk\/de\/wp-json\/wp\/v2\/media?parent=17444"}],"wp:term":[{"taxonomy":"product_cat","embeddable":true,"href":"https:\/\/arkiv.conraddesign.dk\/de\/wp-json\/wp\/v2\/product_cat?post=17444"},{"taxonomy":"product_tag","embeddable":true,"href":"https:\/\/arkiv.conraddesign.dk\/de\/wp-json\/wp\/v2\/product_tag?post=17444"}],"curies":[{"name":"wp","href":"https:\/\/api.w.org\/{rel}","templated":true}]}}

Der Mühlradschal

<ul>
<li><strong>Spannweite</strong>: ca. 183 cm</li>
<li><strong>Tiefe:</strong> ca. 54 cm</li>
</ul>
<p>Material: 100% reine Wolle</p>
<p>Stricknadel Nr. 3.5</p>
<p>Untere Farbe + 10 verschiedene Effektfarben, die im Pullover verwendet werden.</p>
<p>Design: Jane Jørgensen</p>

<div class="woocommerce-product-details__short-description">
<p>Schal mit vielen Farben</p>
<p>Strickset enthält Wolle und deutsche Strikanweisungen</p>
<p>Material: Supersoft</p>
<p>Grundfarbe: Silvergrey</p>
<p>Design: Jane Jørgensen</p>
</div>

<!-- This site is optimized with the Yoast SEO plugin v25.7 - https://yoast.com/wordpress/plugins/seo/ -->
<title>Der Mühlradschal - Conraddesign</title>
<meta name="robots" content="noindex, follow, max-snippet:-1, max-image-preview:large, max-video-preview:-1" />
<meta property="og:locale" content="de_DE" />
<meta property="og:type" content="article" />
<meta property="og:title" content="Der Mühlradschal - Conraddesign" />
<meta property="og:description" content="Schal mit vielen Farben  Strickset enthält Wolle und deutsche Strikanweisungen  Material: Supersoft  Grundfarbe: Silvergrey  Design: Jane Jørgensen" />
<meta property="og:url" content="https://arkiv.conraddesign.dk/de/shop/stricksaet/strickset-von-anderen-designern/moelle-rad-schal-2/" />
<meta property="og:site_name" content="Conraddesign" />
<meta property="article:modified_time" content="2023-06-09T22:03:22+00:00" />
<meta property="og:image" content="https://arkiv.conraddesign.dk/wp-content/uploads/2022/03/thumbnail_IMG_1715-2.jpg" />
	<meta property="og:image:width" content="693" />
	<meta property="og:image:height" content="924" />
	<meta property="og:image:type" content="image/jpeg" />
<meta name="twitter:card" content="summary_large_image" />
<script type="application/ld+json" class="yoast-schema-graph">{"@context":"https://schema.org","@graph":[{"@type":"WebPage","@id":"https://arkiv.conraddesign.dk/de/shop/stricksaet/strickset-von-anderen-designern/moelle-rad-schal-2/","url":"https://arkiv.conraddesign.dk/de/shop/stricksaet/strickset-von-anderen-designern/moelle-rad-schal-2/","name":"Der Mühlradschal - Conraddesign","isPartOf":{"@id":"https://arkiv.conraddesign.dk/#website"},"primaryImageOfPage":{"@id":"https://arkiv.conraddesign.dk/de/shop/stricksaet/strickset-von-anderen-designern/moelle-rad-schal-2/#primaryimage"},"image":{"@id":"https://arkiv.conraddesign.dk/de/shop/stricksaet/strickset-von-anderen-designern/moelle-rad-schal-2/#primaryimage"},"thumbnailUrl":"https://arkiv.conraddesign.dk/wp-content/uploads/2022/03/thumbnail_IMG_1715-2.jpg","datePublished":"2022-04-01T08:16:29+00:00","dateModified":"2023-06-09T22:03:22+00:00","breadcrumb":{"@id":"https://arkiv.conraddesign.dk/de/shop/stricksaet/strickset-von-anderen-designern/moelle-rad-schal-2/#breadcrumb"},"inLanguage":"de","potentialAction":[{"@type":"ReadAction","target":["https://arkiv.conraddesign.dk/de/shop/stricksaet/strickset-von-anderen-designern/moelle-rad-schal-2/"]}]},{"@type":"ImageObject","inLanguage":"de","@id":"https://arkiv.conraddesign.dk/de/shop/stricksaet/strickset-von-anderen-designern/moelle-rad-schal-2/#primaryimage","url":"https://arkiv.conraddesign.dk/wp-content/uploads/2022/03/thumbnail_IMG_1715-2.jpg","contentUrl":"https://arkiv.conraddesign.dk/wp-content/uploads/2022/03/thumbnail_IMG_1715-2.jpg","width":693,"height":924},{"@type":"BreadcrumbList","@id":"https://arkiv.conraddesign.dk/de/shop/stricksaet/strickset-von-anderen-designern/moelle-rad-schal-2/#breadcrumb","itemListElement":[{"@type":"ListItem","position":1,"name":"Hjem","item":"https://arkiv.conraddesign.dk/de/"},{"@type":"ListItem","position":2,"name":"Shop","item":"https://arkiv.conraddesign.dk/de/shop/"},{"@type":"ListItem","position":3,"name":"Der Mühlradschal"}]},{"@type":"WebSite","@id":"https://arkiv.conraddesign.dk/#website","url":"https://arkiv.conraddesign.dk/","name":"Conraddesign","description":"","potentialAction":[{"@type":"SearchAction","target":{"@type":"EntryPoint","urlTemplate":"https://arkiv.conraddesign.dk/?s={search_term_string}"},"query-input":{"@type":"PropertyValueSpecification","valueRequired":true,"valueName":"search_term_string"}}],"inLanguage":"de"}]}</script>
<!-- / Yoast SEO plugin. -->

Der Mühlradschal - Conraddesign

Schal mit vielen Farben  Strickset enthält Wolle und deutsche Strikanweisungen  Material: Supersoft  Grundfarbe: Silvergrey  Design: Jane Jørgensen
