{"id":21304,"date":"2019-08-13T19:58:24","date_gmt":"2024-11-27T19:20:22","guid":{"rendered":"https:\/\/arkiv.conraddesign.dk\/shop\/unkategorisiert\/fraeulein-grau\/"},"modified":"2024-11-27T20:42:29","modified_gmt":"2024-11-27T19:42:29","slug":"fraeulein-grau","status":"publish","type":"product","link":"https:\/\/arkiv.conraddesign.dk\/de\/shop\/rezept\/frauen\/fraeulein-grau\/","title":{"rendered":"Fr\u00e4ulein Grau"},"content":{"rendered":"<p>Gr\u00f6\u00dfe: S \u2013 (M) &#8211; L &#8211; (XL) &#8211; XXL<\/p>\n<ul>\n<li>Brustweite: (Mass von der Strickarbeit) 114 (118) &#8211; 122 &#8211; (126) &#8211; 130 cm<\/li>\n<li>\u00c4rmell\u00e4nge: 30 &#8211; (30) &#8211; 32 &#8211; (32) 34 cm<\/li>\n<li>L\u00e4nge: 64 &#8211; (64) &#8211; 66 &#8211; (66) &#8211; 66 cm<\/li>\n<\/ul>\n<p>Material: Supersoft 100% reine Wolle<\/p>\n<p>Gestrickt auf N 3 \/ 3,5 und H\u00e4kelnadel Nr. 3<\/p>\n<p>Design: Elsebeth Bloch<\/p>\n","protected":false},"excerpt":{"rendered":"<p>Gr\u00f6\u00dfe: S &#8211; XXL<\/p>\n<p>Cardigan mit Muster &#8211; Vendeus<\/p>\n<p>Design: Elsebeth Bloch<\/p>\n","protected":false},"featured_media":21299,"comment_status":"closed","ping_status":"closed","template":"","meta":[],"product_cat":[426,432],"product_tag":[],"class_list":{"0":"post-21304","1":"product","2":"type-product","3":"status-publish","4":"has-post-thumbnail","6":"product_cat-rezept","7":"product_cat-frauen","8":"pa_stoerrelse-l-xl-de","9":"pa_stoerrelse-s-m-de","10":"pa_stoerrelse-xxl-de","11":"tm-no-options","12":"description-off","14":"first","15":"instock","16":"downloadable","17":"virtual","18":"taxable","19":"purchasable","20":"product-type-simple"},"aioseo_notices":[],"yoast_head":"<!-- This site is optimized with the Yoast SEO plugin v25.7 - https:\/\/yoast.com\/wordpress\/plugins\/seo\/ -->\n<title>Fr\u00e4ulein Grau - Conraddesign<\/title>\n<meta name=\"robots\" content=\"noindex, follow, max-snippet:-1, max-image-preview:large, max-video-preview:-1\" \/>\n<meta property=\"og:locale\" content=\"de_DE\" \/>\n<meta property=\"og:type\" content=\"article\" \/>\n<meta property=\"og:title\" content=\"Fr\u00e4ulein Grau - Conraddesign\" \/>\n<meta property=\"og:description\" content=\"Gr\u00f6\u00dfe: S - XXL  Cardigan mit Muster - Vendeus  Design: Elsebeth Bloch\" \/>\n<meta property=\"og:url\" content=\"https:\/\/arkiv.conraddesign.dk\/de\/shop\/rezept\/frauen\/fraeulein-grau\/\" \/>\n<meta property=\"og:site_name\" content=\"Conraddesign\" \/>\n<meta property=\"article:modified_time\" content=\"2024-11-27T19:42:29+00:00\" \/>\n<meta property=\"og:image\" content=\"https:\/\/arkiv.conraddesign.dk\/wp-content\/uploads\/2019\/08\/Froeken-Graa.jpg\" \/>\n\t<meta property=\"og:image:width\" content=\"1440\" \/>\n\t<meta property=\"og:image:height\" content=\"1920\" \/>\n\t<meta property=\"og:image:type\" content=\"image\/jpeg\" \/>\n<meta name=\"twitter:card\" content=\"summary_large_image\" \/>\n<meta name=\"twitter:label1\" content=\"Gesch\u00e4tzte Lesezeit\" \/>\n\t<meta name=\"twitter:data1\" content=\"1\u00a0Minute\" \/>\n<script type=\"application\/ld+json\" class=\"yoast-schema-graph\">{\"@context\":\"https:\/\/schema.org\",\"@graph\":[{\"@type\":\"WebPage\",\"@id\":\"https:\/\/arkiv.conraddesign.dk\/de\/shop\/rezept\/frauen\/fraeulein-grau\/\",\"url\":\"https:\/\/arkiv.conraddesign.dk\/de\/shop\/rezept\/frauen\/fraeulein-grau\/\",\"name\":\"Fr\u00e4ulein Grau - Conraddesign\",\"isPartOf\":{\"@id\":\"https:\/\/arkiv.conraddesign.dk\/#website\"},\"primaryImageOfPage\":{\"@id\":\"https:\/\/arkiv.conraddesign.dk\/de\/shop\/rezept\/frauen\/fraeulein-grau\/#primaryimage\"},\"image\":{\"@id\":\"https:\/\/arkiv.conraddesign.dk\/de\/shop\/rezept\/frauen\/fraeulein-grau\/#primaryimage\"},\"thumbnailUrl\":\"https:\/\/arkiv.conraddesign.dk\/wp-content\/uploads\/2019\/08\/Froeken-Graa.jpg\",\"datePublished\":\"2024-11-27T19:20:22+00:00\",\"dateModified\":\"2024-11-27T19:42:29+00:00\",\"breadcrumb\":{\"@id\":\"https:\/\/arkiv.conraddesign.dk\/de\/shop\/rezept\/frauen\/fraeulein-grau\/#breadcrumb\"},\"inLanguage\":\"de\",\"potentialAction\":[{\"@type\":\"ReadAction\",\"target\":[\"https:\/\/arkiv.conraddesign.dk\/de\/shop\/rezept\/frauen\/fraeulein-grau\/\"]}]},{\"@type\":\"ImageObject\",\"inLanguage\":\"de\",\"@id\":\"https:\/\/arkiv.conraddesign.dk\/de\/shop\/rezept\/frauen\/fraeulein-grau\/#primaryimage\",\"url\":\"https:\/\/arkiv.conraddesign.dk\/wp-content\/uploads\/2019\/08\/Froeken-Graa.jpg\",\"contentUrl\":\"https:\/\/arkiv.conraddesign.dk\/wp-content\/uploads\/2019\/08\/Froeken-Graa.jpg\",\"width\":1440,\"height\":1920},{\"@type\":\"BreadcrumbList\",\"@id\":\"https:\/\/arkiv.conraddesign.dk\/de\/shop\/rezept\/frauen\/fraeulein-grau\/#breadcrumb\",\"itemListElement\":[{\"@type\":\"ListItem\",\"position\":1,\"name\":\"Hjem\",\"item\":\"https:\/\/arkiv.conraddesign.dk\/de\/\"},{\"@type\":\"ListItem\",\"position\":2,\"name\":\"Shop\",\"item\":\"https:\/\/arkiv.conraddesign.dk\/de\/shop\/\"},{\"@type\":\"ListItem\",\"position\":3,\"name\":\"Fr\u00e4ulein Grau\"}]},{\"@type\":\"WebSite\",\"@id\":\"https:\/\/arkiv.conraddesign.dk\/#website\",\"url\":\"https:\/\/arkiv.conraddesign.dk\/\",\"name\":\"Conraddesign\",\"description\":\"\",\"potentialAction\":[{\"@type\":\"SearchAction\",\"target\":{\"@type\":\"EntryPoint\",\"urlTemplate\":\"https:\/\/arkiv.conraddesign.dk\/?s={search_term_string}\"},\"query-input\":{\"@type\":\"PropertyValueSpecification\",\"valueRequired\":true,\"valueName\":\"search_term_string\"}}],\"inLanguage\":\"de\"}]}<\/script>\n<!-- \/ Yoast SEO plugin. -->","yoast_head_json":{"title":"Fr\u00e4ulein Grau - Conraddesign","robots":{"index":"noindex","follow":"follow","max-snippet":"max-snippet:-1","max-image-preview":"max-image-preview:large","max-video-preview":"max-video-preview:-1"},"og_locale":"de_DE","og_type":"article","og_title":"Fr\u00e4ulein Grau - Conraddesign","og_description":"Gr\u00f6\u00dfe: S - XXL  Cardigan mit Muster - Vendeus  Design: Elsebeth Bloch","og_url":"https:\/\/arkiv.conraddesign.dk\/de\/shop\/rezept\/frauen\/fraeulein-grau\/","og_site_name":"Conraddesign","article_modified_time":"2024-11-27T19:42:29+00:00","og_image":[{"width":1440,"height":1920,"url":"https:\/\/arkiv.conraddesign.dk\/wp-content\/uploads\/2019\/08\/Froeken-Graa.jpg","type":"image\/jpeg"}],"twitter_card":"summary_large_image","twitter_misc":{"Gesch\u00e4tzte Lesezeit":"1\u00a0Minute"},"schema":{"@context":"https:\/\/schema.org","@graph":[{"@type":"WebPage","@id":"https:\/\/arkiv.conraddesign.dk\/de\/shop\/rezept\/frauen\/fraeulein-grau\/","url":"https:\/\/arkiv.conraddesign.dk\/de\/shop\/rezept\/frauen\/fraeulein-grau\/","name":"Fr\u00e4ulein Grau - Conraddesign","isPartOf":{"@id":"https:\/\/arkiv.conraddesign.dk\/#website"},"primaryImageOfPage":{"@id":"https:\/\/arkiv.conraddesign.dk\/de\/shop\/rezept\/frauen\/fraeulein-grau\/#primaryimage"},"image":{"@id":"https:\/\/arkiv.conraddesign.dk\/de\/shop\/rezept\/frauen\/fraeulein-grau\/#primaryimage"},"thumbnailUrl":"https:\/\/arkiv.conraddesign.dk\/wp-content\/uploads\/2019\/08\/Froeken-Graa.jpg","datePublished":"2024-11-27T19:20:22+00:00","dateModified":"2024-11-27T19:42:29+00:00","breadcrumb":{"@id":"https:\/\/arkiv.conraddesign.dk\/de\/shop\/rezept\/frauen\/fraeulein-grau\/#breadcrumb"},"inLanguage":"de","potentialAction":[{"@type":"ReadAction","target":["https:\/\/arkiv.conraddesign.dk\/de\/shop\/rezept\/frauen\/fraeulein-grau\/"]}]},{"@type":"ImageObject","inLanguage":"de","@id":"https:\/\/arkiv.conraddesign.dk\/de\/shop\/rezept\/frauen\/fraeulein-grau\/#primaryimage","url":"https:\/\/arkiv.conraddesign.dk\/wp-content\/uploads\/2019\/08\/Froeken-Graa.jpg","contentUrl":"https:\/\/arkiv.conraddesign.dk\/wp-content\/uploads\/2019\/08\/Froeken-Graa.jpg","width":1440,"height":1920},{"@type":"BreadcrumbList","@id":"https:\/\/arkiv.conraddesign.dk\/de\/shop\/rezept\/frauen\/fraeulein-grau\/#breadcrumb","itemListElement":[{"@type":"ListItem","position":1,"name":"Hjem","item":"https:\/\/arkiv.conraddesign.dk\/de\/"},{"@type":"ListItem","position":2,"name":"Shop","item":"https:\/\/arkiv.conraddesign.dk\/de\/shop\/"},{"@type":"ListItem","position":3,"name":"Fr\u00e4ulein Grau"}]},{"@type":"WebSite","@id":"https:\/\/arkiv.conraddesign.dk\/#website","url":"https:\/\/arkiv.conraddesign.dk\/","name":"Conraddesign","description":"","potentialAction":[{"@type":"SearchAction","target":{"@type":"EntryPoint","urlTemplate":"https:\/\/arkiv.conraddesign.dk\/?s={search_term_string}"},"query-input":{"@type":"PropertyValueSpecification","valueRequired":true,"valueName":"search_term_string"}}],"inLanguage":"de"}]}},"_links":{"self":[{"href":"https:\/\/arkiv.conraddesign.dk\/de\/wp-json\/wp\/v2\/product\/21304","targetHints":{"allow":["GET"]}}],"collection":[{"href":"https:\/\/arkiv.conraddesign.dk\/de\/wp-json\/wp\/v2\/product"}],"about":[{"href":"https:\/\/arkiv.conraddesign.dk\/de\/wp-json\/wp\/v2\/types\/product"}],"replies":[{"embeddable":true,"href":"https:\/\/arkiv.conraddesign.dk\/de\/wp-json\/wp\/v2\/comments?post=21304"}],"wp:featuredmedia":[{"embeddable":true,"href":"https:\/\/arkiv.conraddesign.dk\/de\/wp-json\/wp\/v2\/media\/21299"}],"wp:attachment":[{"href":"https:\/\/arkiv.conraddesign.dk\/de\/wp-json\/wp\/v2\/media?parent=21304"}],"wp:term":[{"taxonomy":"product_cat","embeddable":true,"href":"https:\/\/arkiv.conraddesign.dk\/de\/wp-json\/wp\/v2\/product_cat?post=21304"},{"taxonomy":"product_tag","embeddable":true,"href":"https:\/\/arkiv.conraddesign.dk\/de\/wp-json\/wp\/v2\/product_tag?post=21304"}],"curies":[{"name":"wp","href":"https:\/\/api.w.org\/{rel}","templated":true}]}}

Fräulein Grau

<p>Größe: S – (M) &#8211; L &#8211; (XL) &#8211; XXL</p>
<ul>
<li>Brustweite: (Mass von der Strickarbeit) 114 (118) &#8211; 122 &#8211; (126) &#8211; 130 cm</li>
<li>Ärmellänge: 30 &#8211; (30) &#8211; 32 &#8211; (32) 34 cm</li>
<li>Länge: 64 &#8211; (64) &#8211; 66 &#8211; (66) &#8211; 66 cm</li>
</ul>
<p>Material: Supersoft 100% reine Wolle</p>
<p>Gestrickt auf N 3 / 3,5 und Häkelnadel Nr. 3</p>
<p>Design: Elsebeth Bloch</p>

<p>Größe: S &#8211; XXL</p>
<p>Cardigan mit Muster &#8211; Vendeus</p>
<p>Design: Elsebeth Bloch</p>

<!-- This site is optimized with the Yoast SEO plugin v25.7 - https://yoast.com/wordpress/plugins/seo/ -->
<title>Fräulein Grau - Conraddesign</title>
<meta name="robots" content="noindex, follow, max-snippet:-1, max-image-preview:large, max-video-preview:-1" />
<meta property="og:locale" content="de_DE" />
<meta property="og:type" content="article" />
<meta property="og:title" content="Fräulein Grau - Conraddesign" />
<meta property="og:description" content="Größe: S - XXL  Cardigan mit Muster - Vendeus  Design: Elsebeth Bloch" />
<meta property="og:url" content="https://arkiv.conraddesign.dk/de/shop/rezept/frauen/fraeulein-grau/" />
<meta property="og:site_name" content="Conraddesign" />
<meta property="article:modified_time" content="2024-11-27T19:42:29+00:00" />
<meta property="og:image" content="https://arkiv.conraddesign.dk/wp-content/uploads/2019/08/Froeken-Graa.jpg" />
	<meta property="og:image:width" content="1440" />
	<meta property="og:image:height" content="1920" />
	<meta property="og:image:type" content="image/jpeg" />
<meta name="twitter:card" content="summary_large_image" />
<meta name="twitter:label1" content="Geschätzte Lesezeit" />
	<meta name="twitter:data1" content="1 Minute" />
<script type="application/ld+json" class="yoast-schema-graph">{"@context":"https://schema.org","@graph":[{"@type":"WebPage","@id":"https://arkiv.conraddesign.dk/de/shop/rezept/frauen/fraeulein-grau/","url":"https://arkiv.conraddesign.dk/de/shop/rezept/frauen/fraeulein-grau/","name":"Fräulein Grau - Conraddesign","isPartOf":{"@id":"https://arkiv.conraddesign.dk/#website"},"primaryImageOfPage":{"@id":"https://arkiv.conraddesign.dk/de/shop/rezept/frauen/fraeulein-grau/#primaryimage"},"image":{"@id":"https://arkiv.conraddesign.dk/de/shop/rezept/frauen/fraeulein-grau/#primaryimage"},"thumbnailUrl":"https://arkiv.conraddesign.dk/wp-content/uploads/2019/08/Froeken-Graa.jpg","datePublished":"2024-11-27T19:20:22+00:00","dateModified":"2024-11-27T19:42:29+00:00","breadcrumb":{"@id":"https://arkiv.conraddesign.dk/de/shop/rezept/frauen/fraeulein-grau/#breadcrumb"},"inLanguage":"de","potentialAction":[{"@type":"ReadAction","target":["https://arkiv.conraddesign.dk/de/shop/rezept/frauen/fraeulein-grau/"]}]},{"@type":"ImageObject","inLanguage":"de","@id":"https://arkiv.conraddesign.dk/de/shop/rezept/frauen/fraeulein-grau/#primaryimage","url":"https://arkiv.conraddesign.dk/wp-content/uploads/2019/08/Froeken-Graa.jpg","contentUrl":"https://arkiv.conraddesign.dk/wp-content/uploads/2019/08/Froeken-Graa.jpg","width":1440,"height":1920},{"@type":"BreadcrumbList","@id":"https://arkiv.conraddesign.dk/de/shop/rezept/frauen/fraeulein-grau/#breadcrumb","itemListElement":[{"@type":"ListItem","position":1,"name":"Hjem","item":"https://arkiv.conraddesign.dk/de/"},{"@type":"ListItem","position":2,"name":"Shop","item":"https://arkiv.conraddesign.dk/de/shop/"},{"@type":"ListItem","position":3,"name":"Fräulein Grau"}]},{"@type":"WebSite","@id":"https://arkiv.conraddesign.dk/#website","url":"https://arkiv.conraddesign.dk/","name":"Conraddesign","description":"","potentialAction":[{"@type":"SearchAction","target":{"@type":"EntryPoint","urlTemplate":"https://arkiv.conraddesign.dk/?s={search_term_string}"},"query-input":{"@type":"PropertyValueSpecification","valueRequired":true,"valueName":"search_term_string"}}],"inLanguage":"de"}]}</script>
<!-- / Yoast SEO plugin. -->

Fräulein Grau - Conraddesign

Größe: S - XXL  Cardigan mit Muster - Vendeus  Design: Elsebeth Bloch
